{"id":1458,"date":"2022-05-26T20:38:16","date_gmt":"2022-05-26T19:38:16","guid":{"rendered":"http:\/\/guitares-et-luthiers.fr\/?page_id=1458"},"modified":"2022-05-27T08:42:52","modified_gmt":"2022-05-27T07:42:52","slug":"perrin","status":"publish","type":"page","link":"https:\/\/guitares-et-luthiers.fr\/?page_id=1458","title":{"rendered":"Perrin"},"content":{"rendered":"\n<p>Luthier : Perrin Jean-Marc<\/p>\n\n\n\n<p>Mod\u00e8le : 7 cordes<\/p>\n\n\n\n<p>Descriptif : Guitare classique mod\u00e8le 7 cordes sp\u00e9ciale ; diapason 650 mm ; table en red cedar ( master grade) ; dos et \u00e9clisses en \u00e9b\u00e8ne du mozambique ; rosace en olivier et en abalone ; manche cedro ; touche \u00e9b\u00e9ne ; chevalet en palissandre de madagascar ; sillet en os ; m\u00e9caniques Rubner 8 cordes ; vernis cellulosique.  <\/p>\n\n\n\n<p>Possibilit\u00e9 de passer en 8 cordes. <\/p>\n\n\n\n<figure class=\"wp-block-gallery has-nested-images columns-default is-cropped wp-block-gallery-1 is-layout-flex wp-block-gallery-is-layout-flex\">\n<figure class=\"wp-block-image size-large\"><a href=\"https:\/\/guitares-et-luthiers.fr\/wp-content\/uploads\/2022\/05\/IMG_6827-scaled.jpg\" rel=\"lightbox[1458]\"><img loading=\"lazy\" decoding=\"async\" width=\"2346\" height=\"2560\" data-id=\"1447\" src=\"https:\/\/guitares-et-luthiers.fr\/wp-content\/uploads\/2022\/05\/IMG_6827-scaled.jpg\" alt=\"\" class=\"wp-image-1447\" srcset=\"https:\/\/guitares-et-luthiers.fr\/wp-content\/uploads\/2022\/05\/IMG_6827-scaled.jpg 2346w, https:\/\/guitares-et-luthiers.fr\/wp-content\/uploads\/2022\/05\/IMG_6827-275x300.jpg 275w, https:\/\/guitares-et-luthiers.fr\/wp-content\/uploads\/2022\/05\/IMG_6827-939x1024.jpg 939w, https:\/\/guitares-et-luthiers.fr\/wp-content\/uploads\/2022\/05\/IMG_6827-768x838.jpg 768w, https:\/\/guitares-et-luthiers.fr\/wp-content\/uploads\/2022\/05\/IMG_6827-1408x1536.jpg 1408w, https:\/\/guitares-et-luthiers.fr\/wp-content\/uploads\/2022\/05\/IMG_6827-1877x2048.jpg 1877w\" sizes=\"auto, (max-width: 706px) 89vw, (max-width: 767px) 82vw, 740px\" \/><\/a><\/figure>\n\n\n\n<figure class=\"wp-block-image size-large\"><a href=\"https:\/\/guitares-et-luthiers.fr\/wp-content\/uploads\/2022\/05\/IMG_6836-scaled.jpg\" rel=\"lightbox[1458]\"><img loading=\"lazy\" decoding=\"async\" width=\"2361\" height=\"2560\" data-id=\"1453\" src=\"https:\/\/guitares-et-luthiers.fr\/wp-content\/uploads\/2022\/05\/IMG_6836-scaled.jpg\" alt=\"\" class=\"wp-image-1453\" srcset=\"https:\/\/guitares-et-luthiers.fr\/wp-content\/uploads\/2022\/05\/IMG_6836-scaled.jpg 2361w, https:\/\/guitares-et-luthiers.fr\/wp-content\/uploads\/2022\/05\/IMG_6836-277x300.jpg 277w, https:\/\/guitares-et-luthiers.fr\/wp-content\/uploads\/2022\/05\/IMG_6836-944x1024.jpg 944w, https:\/\/guitares-et-luthiers.fr\/wp-content\/uploads\/2022\/05\/IMG_6836-768x833.jpg 768w, https:\/\/guitares-et-luthiers.fr\/wp-content\/uploads\/2022\/05\/IMG_6836-1417x1536.jpg 1417w, https:\/\/guitares-et-luthiers.fr\/wp-content\/uploads\/2022\/05\/IMG_6836-1889x2048.jpg 1889w\" sizes=\"auto, (max-width: 706px) 89vw, (max-width: 767px) 82vw, 740px\" \/><\/a><\/figure>\n\n\n\n<figure class=\"wp-block-image size-large\"><a href=\"https:\/\/guitares-et-luthiers.fr\/wp-content\/uploads\/2022\/05\/IMG_6830-scaled.jpg\" rel=\"lightbox[1458]\"><img loading=\"lazy\" decoding=\"async\" width=\"2016\" height=\"2560\" data-id=\"1449\" src=\"https:\/\/guitares-et-luthiers.fr\/wp-content\/uploads\/2022\/05\/IMG_6830-scaled.jpg\" alt=\"\" class=\"wp-image-1449\" srcset=\"https:\/\/guitares-et-luthiers.fr\/wp-content\/uploads\/2022\/05\/IMG_6830-scaled.jpg 2016w, https:\/\/guitares-et-luthiers.fr\/wp-content\/uploads\/2022\/05\/IMG_6830-236x300.jpg 236w, https:\/\/guitares-et-luthiers.fr\/wp-content\/uploads\/2022\/05\/IMG_6830-806x1024.jpg 806w, https:\/\/guitares-et-luthiers.fr\/wp-content\/uploads\/2022\/05\/IMG_6830-768x975.jpg 768w, https:\/\/guitares-et-luthiers.fr\/wp-content\/uploads\/2022\/05\/IMG_6830-1209x1536.jpg 1209w, https:\/\/guitares-et-luthiers.fr\/wp-content\/uploads\/2022\/05\/IMG_6830-1613x2048.jpg 1613w\" sizes=\"auto, (max-width: 706px) 89vw, (max-width: 767px) 82vw, 740px\" \/><\/a><\/figure>\n\n\n\n<figure class=\"wp-block-image size-large\"><a href=\"https:\/\/guitares-et-luthiers.fr\/wp-content\/uploads\/2022\/05\/IMG_6828-scaled.jpg\" rel=\"lightbox[1458]\"><img loading=\"lazy\" decoding=\"async\" width=\"2560\" height=\"1006\" data-id=\"1448\" src=\"https:\/\/guitares-et-luthiers.fr\/wp-content\/uploads\/2022\/05\/IMG_6828-scaled.jpg\" alt=\"\" class=\"wp-image-1448\" srcset=\"https:\/\/guitares-et-luthiers.fr\/wp-content\/uploads\/2022\/05\/IMG_6828-scaled.jpg 2560w, https:\/\/guitares-et-luthiers.fr\/wp-content\/uploads\/2022\/05\/IMG_6828-300x118.jpg 300w, https:\/\/guitares-et-luthiers.fr\/wp-content\/uploads\/2022\/05\/IMG_6828-1024x403.jpg 1024w, https:\/\/guitares-et-luthiers.fr\/wp-content\/uploads\/2022\/05\/IMG_6828-768x302.jpg 768w, https:\/\/guitares-et-luthiers.fr\/wp-content\/uploads\/2022\/05\/IMG_6828-1536x604.jpg 1536w, https:\/\/guitares-et-luthiers.fr\/wp-content\/uploads\/2022\/05\/IMG_6828-2048x805.jpg 2048w\" sizes=\"auto, (max-width: 706px) 89vw, (max-width: 767px) 82vw, 740px\" \/><\/a><\/figure>\n\n\n\n<figure class=\"wp-block-image size-large\"><a href=\"https:\/\/guitares-et-luthiers.fr\/wp-content\/uploads\/2022\/05\/IMG_6835-scaled.jpg\" rel=\"lightbox[1458]\"><img loading=\"lazy\" decoding=\"async\" width=\"1475\" height=\"2560\" data-id=\"1452\" src=\"https:\/\/guitares-et-luthiers.fr\/wp-content\/uploads\/2022\/05\/IMG_6835-scaled.jpg\" alt=\"\" class=\"wp-image-1452\" srcset=\"https:\/\/guitares-et-luthiers.fr\/wp-content\/uploads\/2022\/05\/IMG_6835-scaled.jpg 1475w, https:\/\/guitares-et-luthiers.fr\/wp-content\/uploads\/2022\/05\/IMG_6835-173x300.jpg 173w, https:\/\/guitares-et-luthiers.fr\/wp-content\/uploads\/2022\/05\/IMG_6835-590x1024.jpg 590w, https:\/\/guitares-et-luthiers.fr\/wp-content\/uploads\/2022\/05\/IMG_6835-768x1333.jpg 768w, https:\/\/guitares-et-luthiers.fr\/wp-content\/uploads\/2022\/05\/IMG_6835-885x1536.jpg 885w, https:\/\/guitares-et-luthiers.fr\/wp-content\/uploads\/2022\/05\/IMG_6835-1180x2048.jpg 1180w\" sizes=\"auto, (max-width: 706px) 89vw, (max-width: 767px) 82vw, 740px\" \/><\/a><\/figure>\n\n\n\n<figure class=\"wp-block-image size-large\"><a href=\"https:\/\/guitares-et-luthiers.fr\/wp-content\/uploads\/2022\/05\/IMG_6833-scaled.jpg\" rel=\"lightbox[1458]\"><img loading=\"lazy\" decoding=\"async\" width=\"1920\" height=\"2560\" data-id=\"1451\" src=\"https:\/\/guitares-et-luthiers.fr\/wp-content\/uploads\/2022\/05\/IMG_6833-scaled.jpg\" alt=\"\" class=\"wp-image-1451\" srcset=\"https:\/\/guitares-et-luthiers.fr\/wp-content\/uploads\/2022\/05\/IMG_6833-scaled.jpg 1920w, https:\/\/guitares-et-luthiers.fr\/wp-content\/uploads\/2022\/05\/IMG_6833-225x300.jpg 225w, https:\/\/guitares-et-luthiers.fr\/wp-content\/uploads\/2022\/05\/IMG_6833-768x1024.jpg 768w, https:\/\/guitares-et-luthiers.fr\/wp-content\/uploads\/2022\/05\/IMG_6833-1152x1536.jpg 1152w, https:\/\/guitares-et-luthiers.fr\/wp-content\/uploads\/2022\/05\/IMG_6833-1536x2048.jpg 1536w\" sizes=\"auto, (max-width: 706px) 89vw, (max-width: 767px) 82vw, 740px\" \/><\/a><\/figure>\n\n\n\n<figure class=\"wp-block-image size-large\"><a href=\"https:\/\/guitares-et-luthiers.fr\/wp-content\/uploads\/2022\/05\/IMG_6840-scaled.jpg\" rel=\"lightbox[1458]\"><img loading=\"lazy\" decoding=\"async\" width=\"1920\" height=\"2560\" data-id=\"1457\" src=\"https:\/\/guitares-et-luthiers.fr\/wp-content\/uploads\/2022\/05\/IMG_6840-scaled.jpg\" alt=\"\" class=\"wp-image-1457\" srcset=\"https:\/\/guitares-et-luthiers.fr\/wp-content\/uploads\/2022\/05\/IMG_6840-scaled.jpg 1920w, https:\/\/guitares-et-luthiers.fr\/wp-content\/uploads\/2022\/05\/IMG_6840-225x300.jpg 225w, https:\/\/guitares-et-luthiers.fr\/wp-content\/uploads\/2022\/05\/IMG_6840-768x1024.jpg 768w, https:\/\/guitares-et-luthiers.fr\/wp-content\/uploads\/2022\/05\/IMG_6840-1152x1536.jpg 1152w, https:\/\/guitares-et-luthiers.fr\/wp-content\/uploads\/2022\/05\/IMG_6840-1536x2048.jpg 1536w\" sizes=\"auto, (max-width: 706px) 89vw, (max-width: 767px) 82vw, 740px\" \/><\/a><\/figure>\n\n\n\n<figure class=\"wp-block-image size-large\"><a href=\"https:\/\/guitares-et-luthiers.fr\/wp-content\/uploads\/2022\/05\/IMG_6839-scaled.jpg\" rel=\"lightbox[1458]\"><img loading=\"lazy\" decoding=\"async\" width=\"1920\" height=\"2560\" data-id=\"1456\" src=\"https:\/\/guitares-et-luthiers.fr\/wp-content\/uploads\/2022\/05\/IMG_6839-scaled.jpg\" alt=\"\" class=\"wp-image-1456\" srcset=\"https:\/\/guitares-et-luthiers.fr\/wp-content\/uploads\/2022\/05\/IMG_6839-scaled.jpg 1920w, https:\/\/guitares-et-luthiers.fr\/wp-content\/uploads\/2022\/05\/IMG_6839-225x300.jpg 225w, https:\/\/guitares-et-luthiers.fr\/wp-content\/uploads\/2022\/05\/IMG_6839-768x1024.jpg 768w, https:\/\/guitares-et-luthiers.fr\/wp-content\/uploads\/2022\/05\/IMG_6839-1152x1536.jpg 1152w, https:\/\/guitares-et-luthiers.fr\/wp-content\/uploads\/2022\/05\/IMG_6839-1536x2048.jpg 1536w\" sizes=\"auto, (max-width: 706px) 89vw, (max-width: 767px) 82vw, 740px\" \/><\/a><\/figure>\n\n\n\n<figure class=\"wp-block-image size-large\"><a href=\"https:\/\/guitares-et-luthiers.fr\/wp-content\/uploads\/2022\/05\/IMG_6838-scaled.jpg\" rel=\"lightbox[1458]\"><img loading=\"lazy\" decoding=\"async\" width=\"1559\" height=\"2560\" data-id=\"1455\" src=\"https:\/\/guitares-et-luthiers.fr\/wp-content\/uploads\/2022\/05\/IMG_6838-scaled.jpg\" alt=\"\" class=\"wp-image-1455\" srcset=\"https:\/\/guitares-et-luthiers.fr\/wp-content\/uploads\/2022\/05\/IMG_6838-scaled.jpg 1559w, https:\/\/guitares-et-luthiers.fr\/wp-content\/uploads\/2022\/05\/IMG_6838-183x300.jpg 183w, https:\/\/guitares-et-luthiers.fr\/wp-content\/uploads\/2022\/05\/IMG_6838-624x1024.jpg 624w, https:\/\/guitares-et-luthiers.fr\/wp-content\/uploads\/2022\/05\/IMG_6838-768x1261.jpg 768w, https:\/\/guitares-et-luthiers.fr\/wp-content\/uploads\/2022\/05\/IMG_6838-935x1536.jpg 935w, https:\/\/guitares-et-luthiers.fr\/wp-content\/uploads\/2022\/05\/IMG_6838-1247x2048.jpg 1247w\" sizes=\"auto, (max-width: 706px) 89vw, (max-width: 767px) 82vw, 740px\" \/><\/a><\/figure>\n\n\n\n<figure class=\"wp-block-image size-large\"><a href=\"https:\/\/guitares-et-luthiers.fr\/wp-content\/uploads\/2022\/05\/IMG_6837-scaled.jpg\" rel=\"lightbox[1458]\"><img loading=\"lazy\" decoding=\"async\" width=\"1076\" height=\"2560\" data-id=\"1454\" src=\"https:\/\/guitares-et-luthiers.fr\/wp-content\/uploads\/2022\/05\/IMG_6837-scaled.jpg\" alt=\"\" class=\"wp-image-1454\" srcset=\"https:\/\/guitares-et-luthiers.fr\/wp-content\/uploads\/2022\/05\/IMG_6837-scaled.jpg 1076w, https:\/\/guitares-et-luthiers.fr\/wp-content\/uploads\/2022\/05\/IMG_6837-126x300.jpg 126w, https:\/\/guitares-et-luthiers.fr\/wp-content\/uploads\/2022\/05\/IMG_6837-431x1024.jpg 431w, https:\/\/guitares-et-luthiers.fr\/wp-content\/uploads\/2022\/05\/IMG_6837-768x1827.jpg 768w, https:\/\/guitares-et-luthiers.fr\/wp-content\/uploads\/2022\/05\/IMG_6837-646x1536.jpg 646w, https:\/\/guitares-et-luthiers.fr\/wp-content\/uploads\/2022\/05\/IMG_6837-861x2048.jpg 861w\" sizes=\"auto, (max-width: 706px) 89vw, (max-width: 767px) 82vw, 740px\" \/><\/a><\/figure>\n\n\n\n<figure class=\"wp-block-image size-large\"><a href=\"https:\/\/guitares-et-luthiers.fr\/wp-content\/uploads\/2022\/05\/IMG_6826-scaled.jpg\" rel=\"lightbox[1458]\"><img loading=\"lazy\" decoding=\"async\" width=\"2560\" height=\"1692\" data-id=\"1446\" src=\"https:\/\/guitares-et-luthiers.fr\/wp-content\/uploads\/2022\/05\/IMG_6826-scaled.jpg\" alt=\"\" class=\"wp-image-1446\" srcset=\"https:\/\/guitares-et-luthiers.fr\/wp-content\/uploads\/2022\/05\/IMG_6826-scaled.jpg 2560w, https:\/\/guitares-et-luthiers.fr\/wp-content\/uploads\/2022\/05\/IMG_6826-300x198.jpg 300w, https:\/\/guitares-et-luthiers.fr\/wp-content\/uploads\/2022\/05\/IMG_6826-1024x677.jpg 1024w, https:\/\/guitares-et-luthiers.fr\/wp-content\/uploads\/2022\/05\/IMG_6826-768x508.jpg 768w, https:\/\/guitares-et-luthiers.fr\/wp-content\/uploads\/2022\/05\/IMG_6826-1536x1015.jpg 1536w, https:\/\/guitares-et-luthiers.fr\/wp-content\/uploads\/2022\/05\/IMG_6826-2048x1354.jpg 2048w\" sizes=\"auto, (max-width: 706px) 89vw, (max-width: 767px) 82vw, 740px\" \/><\/a><\/figure>\n\n\n\n<figure class=\"wp-block-image size-large\"><a href=\"https:\/\/guitares-et-luthiers.fr\/wp-content\/uploads\/2022\/05\/IMG_6831-scaled.jpg\" rel=\"lightbox[1458]\"><img loading=\"lazy\" decoding=\"async\" width=\"1119\" height=\"2560\" data-id=\"1450\" src=\"https:\/\/guitares-et-luthiers.fr\/wp-content\/uploads\/2022\/05\/IMG_6831-scaled.jpg\" alt=\"\" class=\"wp-image-1450\" srcset=\"https:\/\/guitares-et-luthiers.fr\/wp-content\/uploads\/2022\/05\/IMG_6831-scaled.jpg 1119w, https:\/\/guitares-et-luthiers.fr\/wp-content\/uploads\/2022\/05\/IMG_6831-131x300.jpg 131w, https:\/\/guitares-et-luthiers.fr\/wp-content\/uploads\/2022\/05\/IMG_6831-448x1024.jpg 448w, https:\/\/guitares-et-luthiers.fr\/wp-content\/uploads\/2022\/05\/IMG_6831-768x1757.jpg 768w, https:\/\/guitares-et-luthiers.fr\/wp-content\/uploads\/2022\/05\/IMG_6831-671x1536.jpg 671w, https:\/\/guitares-et-luthiers.fr\/wp-content\/uploads\/2022\/05\/IMG_6831-895x2048.jpg 895w\" sizes=\"auto, (max-width: 706px) 89vw, (max-width: 767px) 82vw, 740px\" \/><\/a><\/figure>\n<\/figure>\n","protected":false},"excerpt":{"rendered":"<p>Luthier : Perrin Jean-Marc Mod\u00e8le : 7 cordes Descriptif : Guitare classique mod\u00e8le 7 cordes sp\u00e9ciale ; diapason 650 mm ; table en red cedar ( master grade) ; dos et \u00e9clisses en \u00e9b\u00e8ne du mozambique ; rosace en olivier et en abalone ; manche cedro ; touche \u00e9b\u00e9ne ; chevalet en palissandre de madagascar &hellip; <\/p>\n<p class=\"link-more\"><a href=\"https:\/\/guitares-et-luthiers.fr\/?page_id=1458\" class=\"more-link\">Continuer la lecture<span class=\"screen-reader-text\"> de &laquo;&nbsp;Perrin&nbsp;&raquo;<\/span><\/a><\/p>\n","protected":false},"author":2,"featured_media":0,"parent":0,"menu_order":0,"comment_status":"closed","ping_status":"closed","template":"","meta":{"footnotes":""},"class_list":["post-1458","page","type-page","status-publish","hentry"],"_links":{"self":[{"href":"https:\/\/guitares-et-luthiers.fr\/index.php?rest_route=\/wp\/v2\/pages\/1458","targetHints":{"allow":["GET"]}}],"collection":[{"href":"https:\/\/guitares-et-luthiers.fr\/index.php?rest_route=\/wp\/v2\/pages"}],"about":[{"href":"https:\/\/guitares-et-luthiers.fr\/index.php?rest_route=\/wp\/v2\/types\/page"}],"author":[{"embeddable":true,"href":"https:\/\/guitares-et-luthiers.fr\/index.php?rest_route=\/wp\/v2\/users\/2"}],"replies":[{"embeddable":true,"href":"https:\/\/guitares-et-luthiers.fr\/index.php?rest_route=%2Fwp%2Fv2%2Fcomments&post=1458"}],"version-history":[{"count":3,"href":"https:\/\/guitares-et-luthiers.fr\/index.php?rest_route=\/wp\/v2\/pages\/1458\/revisions"}],"predecessor-version":[{"id":1463,"href":"https:\/\/guitares-et-luthiers.fr\/index.php?rest_route=\/wp\/v2\/pages\/1458\/revisions\/1463"}],"wp:attachment":[{"href":"https:\/\/guitares-et-luthiers.fr\/index.php?rest_route=%2Fwp%2Fv2%2Fmedia&parent=1458"}],"curies":[{"name":"wp","href":"https:\/\/api.w.org\/{rel}","templated":true}]}}