{"id":1675,"date":"2023-03-27T16:13:39","date_gmt":"2023-03-27T15:13:39","guid":{"rendered":"http:\/\/guitares-et-luthiers.fr\/?page_id=1675"},"modified":"2023-04-02T13:02:52","modified_gmt":"2023-04-02T12:02:52","slug":"bedikian-2016","status":"publish","type":"page","link":"https:\/\/guitares-et-luthiers.fr\/?page_id=1675","title":{"rendered":"Bedikian 2016 mod\u00e8le Concert n\u00b0 334"},"content":{"rendered":"\n<p><\/p>\n\n\n\n<p>Luthier :&nbsp;Victor Bedikian<\/p>\n\n\n\n<p>Mod\u00e8le :&nbsp;Concert<\/p>\n\n\n\n<p>Ann\u00e9e :\u00a02016 n\u00b0 334<\/p>\n\n\n\n<p>Bois :\u00a0table en red cedar, \u00e9clisses en palissandre du Br\u00e9sil, dos en cocobolo, manche c\u00e9dro, touche \u00e9b\u00e8ne, chevalet en palissandre du Br\u00e9sil , vernis au tampon.<\/p>\n\n\n\n<p>Une lutherie de haut niveau avec les\u00a0qualit\u00e9s d\u2019une facture traditionnelle, rosace et filetterie sp\u00e9cifiques.<\/p>\n\n\n\n<p>Point de fioritures, uniquement l\u2019essentiel: le son ! Un timbre velout\u00e9, de la pr\u00e9cision, un \u00e9quilibre excellent.\u00a0 Tout parait couler de source sur cet instrument. Une harmonie \u00e0 tout point de vue, un r\u00e9gal pour musicien. <\/p>\n\n\n\n<p>Guitare neuve avec \u00e9tui.<\/p>\n\n\n\n<p>ref:&nbsp;\u201c Luthiers et guitares d\u2019en France\u201d &nbsp; &nbsp;&nbsp;ed Chandelle<\/p>\n\n\n\n<figure class=\"wp-block-gallery has-nested-images columns-default is-cropped wp-block-gallery-1 is-layout-flex wp-block-gallery-is-layout-flex\">\n<figure class=\"wp-block-image size-large\"><a href=\"https:\/\/guitares-et-luthiers.fr\/wp-content\/uploads\/2023\/03\/IMG_9084-scaled.jpg\" rel=\"lightbox[1675]\"><img loading=\"lazy\" decoding=\"async\" width=\"1024\" height=\"987\" data-id=\"1662\" src=\"https:\/\/guitares-et-luthiers.fr\/wp-content\/uploads\/2023\/03\/IMG_9084-1024x987.jpg\" alt=\"\" class=\"wp-image-1662\" srcset=\"https:\/\/guitares-et-luthiers.fr\/wp-content\/uploads\/2023\/03\/IMG_9084-1024x987.jpg 1024w, https:\/\/guitares-et-luthiers.fr\/wp-content\/uploads\/2023\/03\/IMG_9084-300x289.jpg 300w, https:\/\/guitares-et-luthiers.fr\/wp-content\/uploads\/2023\/03\/IMG_9084-768x740.jpg 768w, https:\/\/guitares-et-luthiers.fr\/wp-content\/uploads\/2023\/03\/IMG_9084-1536x1480.jpg 1536w, https:\/\/guitares-et-luthiers.fr\/wp-content\/uploads\/2023\/03\/IMG_9084-2048x1974.jpg 2048w\" sizes=\"auto, (max-width: 706px) 89vw, (max-width: 767px) 82vw, 740px\" \/><\/a><\/figure>\n\n\n\n<figure class=\"wp-block-image size-large\"><a href=\"https:\/\/guitares-et-luthiers.fr\/wp-content\/uploads\/2023\/03\/IMG_9097-scaled.jpg\" rel=\"lightbox[1675]\"><img loading=\"lazy\" decoding=\"async\" width=\"768\" height=\"1024\" data-id=\"1672\" src=\"https:\/\/guitares-et-luthiers.fr\/wp-content\/uploads\/2023\/03\/IMG_9097-768x1024.jpg\" alt=\"\" class=\"wp-image-1672\" srcset=\"https:\/\/guitares-et-luthiers.fr\/wp-content\/uploads\/2023\/03\/IMG_9097-768x1024.jpg 768w, https:\/\/guitares-et-luthiers.fr\/wp-content\/uploads\/2023\/03\/IMG_9097-225x300.jpg 225w, https:\/\/guitares-et-luthiers.fr\/wp-content\/uploads\/2023\/03\/IMG_9097-1152x1536.jpg 1152w, https:\/\/guitares-et-luthiers.fr\/wp-content\/uploads\/2023\/03\/IMG_9097-1536x2048.jpg 1536w, https:\/\/guitares-et-luthiers.fr\/wp-content\/uploads\/2023\/03\/IMG_9097-scaled.jpg 1920w\" sizes=\"auto, (max-width: 706px) 89vw, (max-width: 767px) 82vw, 740px\" \/><\/a><\/figure>\n\n\n\n<figure class=\"wp-block-image size-large\"><a href=\"https:\/\/guitares-et-luthiers.fr\/wp-content\/uploads\/2023\/03\/IMG_9095-scaled.jpg\" rel=\"lightbox[1675]\"><img loading=\"lazy\" decoding=\"async\" width=\"781\" height=\"1024\" data-id=\"1671\" src=\"https:\/\/guitares-et-luthiers.fr\/wp-content\/uploads\/2023\/03\/IMG_9095-781x1024.jpg\" alt=\"\" class=\"wp-image-1671\" srcset=\"https:\/\/guitares-et-luthiers.fr\/wp-content\/uploads\/2023\/03\/IMG_9095-781x1024.jpg 781w, https:\/\/guitares-et-luthiers.fr\/wp-content\/uploads\/2023\/03\/IMG_9095-229x300.jpg 229w, https:\/\/guitares-et-luthiers.fr\/wp-content\/uploads\/2023\/03\/IMG_9095-768x1007.jpg 768w, https:\/\/guitares-et-luthiers.fr\/wp-content\/uploads\/2023\/03\/IMG_9095-1172x1536.jpg 1172w, https:\/\/guitares-et-luthiers.fr\/wp-content\/uploads\/2023\/03\/IMG_9095-1562x2048.jpg 1562w, https:\/\/guitares-et-luthiers.fr\/wp-content\/uploads\/2023\/03\/IMG_9095-scaled.jpg 1953w\" sizes=\"auto, (max-width: 706px) 89vw, (max-width: 767px) 82vw, 740px\" \/><\/a><\/figure>\n\n\n\n<figure class=\"wp-block-image size-large\"><a href=\"https:\/\/guitares-et-luthiers.fr\/wp-content\/uploads\/2023\/03\/IMG_9094-scaled.jpg\" rel=\"lightbox[1675]\"><img loading=\"lazy\" decoding=\"async\" width=\"1024\" height=\"716\" data-id=\"1670\" src=\"https:\/\/guitares-et-luthiers.fr\/wp-content\/uploads\/2023\/03\/IMG_9094-1024x716.jpg\" alt=\"\" class=\"wp-image-1670\" srcset=\"https:\/\/guitares-et-luthiers.fr\/wp-content\/uploads\/2023\/03\/IMG_9094-1024x716.jpg 1024w, https:\/\/guitares-et-luthiers.fr\/wp-content\/uploads\/2023\/03\/IMG_9094-300x210.jpg 300w, https:\/\/guitares-et-luthiers.fr\/wp-content\/uploads\/2023\/03\/IMG_9094-768x537.jpg 768w, https:\/\/guitares-et-luthiers.fr\/wp-content\/uploads\/2023\/03\/IMG_9094-1536x1074.jpg 1536w, https:\/\/guitares-et-luthiers.fr\/wp-content\/uploads\/2023\/03\/IMG_9094-2048x1432.jpg 2048w\" sizes=\"auto, (max-width: 706px) 89vw, (max-width: 767px) 82vw, 740px\" \/><\/a><\/figure>\n\n\n\n<figure class=\"wp-block-image size-large\"><a href=\"https:\/\/guitares-et-luthiers.fr\/wp-content\/uploads\/2023\/03\/IMG_9092-scaled.jpg\" rel=\"lightbox[1675]\"><img loading=\"lazy\" decoding=\"async\" width=\"612\" height=\"1024\" data-id=\"1669\" src=\"https:\/\/guitares-et-luthiers.fr\/wp-content\/uploads\/2023\/03\/IMG_9092-612x1024.jpg\" alt=\"\" class=\"wp-image-1669\" srcset=\"https:\/\/guitares-et-luthiers.fr\/wp-content\/uploads\/2023\/03\/IMG_9092-612x1024.jpg 612w, https:\/\/guitares-et-luthiers.fr\/wp-content\/uploads\/2023\/03\/IMG_9092-179x300.jpg 179w, https:\/\/guitares-et-luthiers.fr\/wp-content\/uploads\/2023\/03\/IMG_9092-768x1285.jpg 768w, https:\/\/guitares-et-luthiers.fr\/wp-content\/uploads\/2023\/03\/IMG_9092-918x1536.jpg 918w, https:\/\/guitares-et-luthiers.fr\/wp-content\/uploads\/2023\/03\/IMG_9092-1224x2048.jpg 1224w, https:\/\/guitares-et-luthiers.fr\/wp-content\/uploads\/2023\/03\/IMG_9092-scaled.jpg 1530w\" sizes=\"auto, (max-width: 612px) 100vw, 612px\" \/><\/a><\/figure>\n\n\n\n<figure class=\"wp-block-image size-large\"><a href=\"https:\/\/guitares-et-luthiers.fr\/wp-content\/uploads\/2023\/03\/IMG_9089-scaled.jpg\" rel=\"lightbox[1675]\"><img loading=\"lazy\" decoding=\"async\" width=\"768\" height=\"1024\" data-id=\"1667\" src=\"https:\/\/guitares-et-luthiers.fr\/wp-content\/uploads\/2023\/03\/IMG_9089-768x1024.jpg\" alt=\"\" class=\"wp-image-1667\" srcset=\"https:\/\/guitares-et-luthiers.fr\/wp-content\/uploads\/2023\/03\/IMG_9089-768x1024.jpg 768w, https:\/\/guitares-et-luthiers.fr\/wp-content\/uploads\/2023\/03\/IMG_9089-225x300.jpg 225w, https:\/\/guitares-et-luthiers.fr\/wp-content\/uploads\/2023\/03\/IMG_9089-1152x1536.jpg 1152w, https:\/\/guitares-et-luthiers.fr\/wp-content\/uploads\/2023\/03\/IMG_9089-1536x2048.jpg 1536w, https:\/\/guitares-et-luthiers.fr\/wp-content\/uploads\/2023\/03\/IMG_9089-scaled.jpg 1920w\" sizes=\"auto, (max-width: 706px) 89vw, (max-width: 767px) 82vw, 740px\" \/><\/a><\/figure>\n\n\n\n<figure class=\"wp-block-image size-large\"><a href=\"https:\/\/guitares-et-luthiers.fr\/wp-content\/uploads\/2023\/03\/IMG_9088-scaled.jpg\" rel=\"lightbox[1675]\"><img loading=\"lazy\" decoding=\"async\" width=\"529\" height=\"1024\" data-id=\"1666\" src=\"https:\/\/guitares-et-luthiers.fr\/wp-content\/uploads\/2023\/03\/IMG_9088-529x1024.jpg\" alt=\"\" class=\"wp-image-1666\" srcset=\"https:\/\/guitares-et-luthiers.fr\/wp-content\/uploads\/2023\/03\/IMG_9088-529x1024.jpg 529w, https:\/\/guitares-et-luthiers.fr\/wp-content\/uploads\/2023\/03\/IMG_9088-155x300.jpg 155w, https:\/\/guitares-et-luthiers.fr\/wp-content\/uploads\/2023\/03\/IMG_9088-768x1488.jpg 768w, https:\/\/guitares-et-luthiers.fr\/wp-content\/uploads\/2023\/03\/IMG_9088-793x1536.jpg 793w, https:\/\/guitares-et-luthiers.fr\/wp-content\/uploads\/2023\/03\/IMG_9088-1057x2048.jpg 1057w, https:\/\/guitares-et-luthiers.fr\/wp-content\/uploads\/2023\/03\/IMG_9088-scaled.jpg 1321w\" sizes=\"auto, (max-width: 529px) 100vw, 529px\" \/><\/a><\/figure>\n\n\n\n<figure class=\"wp-block-image size-large\"><a href=\"https:\/\/guitares-et-luthiers.fr\/wp-content\/uploads\/2023\/03\/IMG_9087-scaled.jpg\" rel=\"lightbox[1675]\"><img loading=\"lazy\" decoding=\"async\" width=\"773\" height=\"1024\" data-id=\"1665\" src=\"https:\/\/guitares-et-luthiers.fr\/wp-content\/uploads\/2023\/03\/IMG_9087-773x1024.jpg\" alt=\"\" class=\"wp-image-1665\" srcset=\"https:\/\/guitares-et-luthiers.fr\/wp-content\/uploads\/2023\/03\/IMG_9087-773x1024.jpg 773w, https:\/\/guitares-et-luthiers.fr\/wp-content\/uploads\/2023\/03\/IMG_9087-227x300.jpg 227w, https:\/\/guitares-et-luthiers.fr\/wp-content\/uploads\/2023\/03\/IMG_9087-768x1017.jpg 768w, https:\/\/guitares-et-luthiers.fr\/wp-content\/uploads\/2023\/03\/IMG_9087-1160x1536.jpg 1160w, https:\/\/guitares-et-luthiers.fr\/wp-content\/uploads\/2023\/03\/IMG_9087-1546x2048.jpg 1546w, https:\/\/guitares-et-luthiers.fr\/wp-content\/uploads\/2023\/03\/IMG_9087-scaled.jpg 1933w\" sizes=\"auto, (max-width: 706px) 89vw, (max-width: 767px) 82vw, 740px\" \/><\/a><\/figure>\n\n\n\n<figure class=\"wp-block-image size-large\"><a href=\"https:\/\/guitares-et-luthiers.fr\/wp-content\/uploads\/2023\/03\/IMG_9086-scaled.jpg\" rel=\"lightbox[1675]\"><img loading=\"lazy\" decoding=\"async\" width=\"1024\" height=\"292\" data-id=\"1664\" src=\"https:\/\/guitares-et-luthiers.fr\/wp-content\/uploads\/2023\/03\/IMG_9086-1024x292.jpg\" alt=\"\" class=\"wp-image-1664\" srcset=\"https:\/\/guitares-et-luthiers.fr\/wp-content\/uploads\/2023\/03\/IMG_9086-1024x292.jpg 1024w, https:\/\/guitares-et-luthiers.fr\/wp-content\/uploads\/2023\/03\/IMG_9086-300x86.jpg 300w, https:\/\/guitares-et-luthiers.fr\/wp-content\/uploads\/2023\/03\/IMG_9086-768x219.jpg 768w, https:\/\/guitares-et-luthiers.fr\/wp-content\/uploads\/2023\/03\/IMG_9086-1536x438.jpg 1536w, https:\/\/guitares-et-luthiers.fr\/wp-content\/uploads\/2023\/03\/IMG_9086-2048x584.jpg 2048w\" sizes=\"auto, (max-width: 706px) 89vw, (max-width: 767px) 82vw, 740px\" \/><\/a><\/figure>\n\n\n\n<figure class=\"wp-block-image size-large\"><a href=\"https:\/\/guitares-et-luthiers.fr\/wp-content\/uploads\/2023\/03\/IMG_9085-scaled.jpg\" rel=\"lightbox[1675]\"><img loading=\"lazy\" decoding=\"async\" width=\"876\" height=\"1024\" data-id=\"1663\" src=\"https:\/\/guitares-et-luthiers.fr\/wp-content\/uploads\/2023\/03\/IMG_9085-876x1024.jpg\" alt=\"\" class=\"wp-image-1663\" srcset=\"https:\/\/guitares-et-luthiers.fr\/wp-content\/uploads\/2023\/03\/IMG_9085-876x1024.jpg 876w, https:\/\/guitares-et-luthiers.fr\/wp-content\/uploads\/2023\/03\/IMG_9085-257x300.jpg 257w, https:\/\/guitares-et-luthiers.fr\/wp-content\/uploads\/2023\/03\/IMG_9085-768x897.jpg 768w, https:\/\/guitares-et-luthiers.fr\/wp-content\/uploads\/2023\/03\/IMG_9085-1315x1536.jpg 1315w, https:\/\/guitares-et-luthiers.fr\/wp-content\/uploads\/2023\/03\/IMG_9085-1753x2048.jpg 1753w\" sizes=\"auto, (max-width: 706px) 89vw, (max-width: 767px) 82vw, 740px\" \/><\/a><\/figure>\n\n\n\n<figure class=\"wp-block-image size-large\"><a href=\"https:\/\/guitares-et-luthiers.fr\/wp-content\/uploads\/2023\/03\/IMG_9090-scaled.jpg\" rel=\"lightbox[1675]\"><img loading=\"lazy\" decoding=\"async\" width=\"768\" height=\"1024\" data-id=\"1668\" src=\"https:\/\/guitares-et-luthiers.fr\/wp-content\/uploads\/2023\/03\/IMG_9090-768x1024.jpg\" alt=\"\" class=\"wp-image-1668\" srcset=\"https:\/\/guitares-et-luthiers.fr\/wp-content\/uploads\/2023\/03\/IMG_9090-768x1024.jpg 768w, https:\/\/guitares-et-luthiers.fr\/wp-content\/uploads\/2023\/03\/IMG_9090-225x300.jpg 225w, https:\/\/guitares-et-luthiers.fr\/wp-content\/uploads\/2023\/03\/IMG_9090-1152x1536.jpg 1152w, https:\/\/guitares-et-luthiers.fr\/wp-content\/uploads\/2023\/03\/IMG_9090-1536x2048.jpg 1536w, https:\/\/guitares-et-luthiers.fr\/wp-content\/uploads\/2023\/03\/IMG_9090-scaled.jpg 1920w\" sizes=\"auto, (max-width: 706px) 89vw, (max-width: 767px) 82vw, 740px\" \/><\/a><\/figure>\n<\/figure>\n","protected":false},"excerpt":{"rendered":"<p>Luthier :&nbsp;Victor Bedikian Mod\u00e8le :&nbsp;Concert Ann\u00e9e :\u00a02016 n\u00b0 334 Bois :\u00a0table en red cedar, \u00e9clisses en palissandre du Br\u00e9sil, dos en cocobolo, manche c\u00e9dro, touche \u00e9b\u00e8ne, chevalet en palissandre du Br\u00e9sil , vernis au tampon. Une lutherie de haut niveau avec les\u00a0qualit\u00e9s d\u2019une facture traditionnelle, rosace et filetterie sp\u00e9cifiques. Point de fioritures, uniquement l\u2019essentiel: le &hellip; <\/p>\n<p class=\"link-more\"><a href=\"https:\/\/guitares-et-luthiers.fr\/?page_id=1675\" class=\"more-link\">Continuer la lecture<span class=\"screen-reader-text\"> de &laquo;&nbsp;Bedikian 2016 mod\u00e8le Concert n\u00b0 334&nbsp;&raquo;<\/span><\/a><\/p>\n","protected":false},"author":2,"featured_media":0,"parent":0,"menu_order":0,"comment_status":"closed","ping_status":"closed","template":"","meta":{"footnotes":""},"class_list":["post-1675","page","type-page","status-publish","hentry"],"_links":{"self":[{"href":"https:\/\/guitares-et-luthiers.fr\/index.php?rest_route=\/wp\/v2\/pages\/1675","targetHints":{"allow":["GET"]}}],"collection":[{"href":"https:\/\/guitares-et-luthiers.fr\/index.php?rest_route=\/wp\/v2\/pages"}],"about":[{"href":"https:\/\/guitares-et-luthiers.fr\/index.php?rest_route=\/wp\/v2\/types\/page"}],"author":[{"embeddable":true,"href":"https:\/\/guitares-et-luthiers.fr\/index.php?rest_route=\/wp\/v2\/users\/2"}],"replies":[{"embeddable":true,"href":"https:\/\/guitares-et-luthiers.fr\/index.php?rest_route=%2Fwp%2Fv2%2Fcomments&post=1675"}],"version-history":[{"count":3,"href":"https:\/\/guitares-et-luthiers.fr\/index.php?rest_route=\/wp\/v2\/pages\/1675\/revisions"}],"predecessor-version":[{"id":1703,"href":"https:\/\/guitares-et-luthiers.fr\/index.php?rest_route=\/wp\/v2\/pages\/1675\/revisions\/1703"}],"wp:attachment":[{"href":"https:\/\/guitares-et-luthiers.fr\/index.php?rest_route=%2Fwp%2Fv2%2Fmedia&parent=1675"}],"curies":[{"name":"wp","href":"https:\/\/api.w.org\/{rel}","templated":true}]}}