{"id":1904,"date":"2023-07-24T16:07:55","date_gmt":"2023-07-24T15:07:55","guid":{"rendered":"http:\/\/guitares-et-luthiers.fr\/?page_id=1904"},"modified":"2023-07-24T16:30:16","modified_gmt":"2023-07-24T15:30:16","slug":"guitare-delarue-grand-concert-1995","status":"publish","type":"page","link":"https:\/\/guitares-et-luthiers.fr\/?page_id=1904","title":{"rendered":"Guitare Delarue Grand Concert 1995"},"content":{"rendered":"\n<p>Guitare Dominique Delarue mod\u00e8le Grand concert de 1995<br>Table en red cedar, \u00e9clisses , dos et chevalet en palissandre.<br>Diapason 65 cm . Avec \u00e9tui rigide. <br><br>Une guitare avec un son tr\u00e8s profond, beaucoup de pr\u00e9sence , de \u00ab corps \u00bb, dans tous les registres et toutes les positions sur le manche. Beaucoup de clart\u00e9 dans les aigu\u00ebs.<br>Excellent confort de jeu, tr\u00e8s bien r\u00e9gl\u00e9e, une action tr\u00e8s basse sans frises.<\/p>\n\n\n\n<p>Une fente au dos r\u00e9par\u00e9e par Dominique Delarue  ( cf photo) stabilis\u00e9e. Sans aucune incidence.<br>Une sonorit\u00e9 tr\u00e8s chaude en gardant des notes tr\u00e8s distinctes ainsi que beaucoup de clart\u00e9.<br>Dominique Delarue est un luthier tr\u00e8s r\u00e9put\u00e9 et cette guitare confirme sa notori\u00e9t\u00e9. C\u2019est un instrument excellent qui permet l\u2019expression musicale dans un registre tr\u00e8s vaste .<\/p>\n\n\n\n<figure class=\"wp-block-gallery has-nested-images columns-default is-cropped wp-block-gallery-1 is-layout-flex wp-block-gallery-is-layout-flex\">\n<figure class=\"wp-block-image size-large\"><img loading=\"lazy\" decoding=\"async\" width=\"1024\" height=\"969\" data-id=\"1907\" src=\"https:\/\/guitares-et-luthiers.fr\/wp-content\/uploads\/2023\/07\/IMG_0119-1024x969.jpg\" alt=\"\" class=\"wp-image-1907\" srcset=\"https:\/\/guitares-et-luthiers.fr\/wp-content\/uploads\/2023\/07\/IMG_0119-1024x969.jpg 1024w, https:\/\/guitares-et-luthiers.fr\/wp-content\/uploads\/2023\/07\/IMG_0119-300x284.jpg 300w, https:\/\/guitares-et-luthiers.fr\/wp-content\/uploads\/2023\/07\/IMG_0119-768x727.jpg 768w, https:\/\/guitares-et-luthiers.fr\/wp-content\/uploads\/2023\/07\/IMG_0119-1536x1453.jpg 1536w, https:\/\/guitares-et-luthiers.fr\/wp-content\/uploads\/2023\/07\/IMG_0119-2048x1938.jpg 2048w\" sizes=\"auto, (max-width: 706px) 89vw, (max-width: 767px) 82vw, 740px\" \/><\/figure>\n\n\n\n<figure class=\"wp-block-image size-large\"><img loading=\"lazy\" decoding=\"async\" width=\"768\" height=\"1024\" data-id=\"1916\" src=\"https:\/\/guitares-et-luthiers.fr\/wp-content\/uploads\/2023\/07\/IMG_0128-768x1024.jpg\" alt=\"\" class=\"wp-image-1916\" srcset=\"https:\/\/guitares-et-luthiers.fr\/wp-content\/uploads\/2023\/07\/IMG_0128-768x1024.jpg 768w, https:\/\/guitares-et-luthiers.fr\/wp-content\/uploads\/2023\/07\/IMG_0128-225x300.jpg 225w, https:\/\/guitares-et-luthiers.fr\/wp-content\/uploads\/2023\/07\/IMG_0128-1152x1536.jpg 1152w, https:\/\/guitares-et-luthiers.fr\/wp-content\/uploads\/2023\/07\/IMG_0128-1536x2048.jpg 1536w, https:\/\/guitares-et-luthiers.fr\/wp-content\/uploads\/2023\/07\/IMG_0128-scaled.jpg 1920w\" sizes=\"auto, (max-width: 706px) 89vw, (max-width: 767px) 82vw, 740px\" \/><\/figure>\n\n\n\n<figure class=\"wp-block-image size-large\"><img loading=\"lazy\" decoding=\"async\" width=\"1024\" height=\"807\" data-id=\"1908\" src=\"https:\/\/guitares-et-luthiers.fr\/wp-content\/uploads\/2023\/07\/IMG_0120-1024x807.jpg\" alt=\"\" class=\"wp-image-1908\" srcset=\"https:\/\/guitares-et-luthiers.fr\/wp-content\/uploads\/2023\/07\/IMG_0120-1024x807.jpg 1024w, https:\/\/guitares-et-luthiers.fr\/wp-content\/uploads\/2023\/07\/IMG_0120-300x236.jpg 300w, https:\/\/guitares-et-luthiers.fr\/wp-content\/uploads\/2023\/07\/IMG_0120-768x605.jpg 768w, https:\/\/guitares-et-luthiers.fr\/wp-content\/uploads\/2023\/07\/IMG_0120-1536x1211.jpg 1536w, https:\/\/guitares-et-luthiers.fr\/wp-content\/uploads\/2023\/07\/IMG_0120-2048x1614.jpg 2048w\" sizes=\"auto, (max-width: 706px) 89vw, (max-width: 767px) 82vw, 740px\" \/><\/figure>\n\n\n\n<figure class=\"wp-block-image size-large\"><img loading=\"lazy\" decoding=\"async\" width=\"701\" height=\"1024\" data-id=\"1915\" src=\"https:\/\/guitares-et-luthiers.fr\/wp-content\/uploads\/2023\/07\/IMG_0127-701x1024.jpg\" alt=\"\" class=\"wp-image-1915\" srcset=\"https:\/\/guitares-et-luthiers.fr\/wp-content\/uploads\/2023\/07\/IMG_0127-701x1024.jpg 701w, https:\/\/guitares-et-luthiers.fr\/wp-content\/uploads\/2023\/07\/IMG_0127-205x300.jpg 205w, https:\/\/guitares-et-luthiers.fr\/wp-content\/uploads\/2023\/07\/IMG_0127-768x1122.jpg 768w, https:\/\/guitares-et-luthiers.fr\/wp-content\/uploads\/2023\/07\/IMG_0127-1052x1536.jpg 1052w, https:\/\/guitares-et-luthiers.fr\/wp-content\/uploads\/2023\/07\/IMG_0127-1402x2048.jpg 1402w, https:\/\/guitares-et-luthiers.fr\/wp-content\/uploads\/2023\/07\/IMG_0127-scaled.jpg 1753w\" sizes=\"auto, (max-width: 701px) 100vw, 701px\" \/><\/figure>\n\n\n\n<figure class=\"wp-block-image size-large\"><img loading=\"lazy\" decoding=\"async\" width=\"1024\" height=\"267\" data-id=\"1914\" src=\"https:\/\/guitares-et-luthiers.fr\/wp-content\/uploads\/2023\/07\/IMG_0126-1024x267.jpg\" alt=\"\" class=\"wp-image-1914\" srcset=\"https:\/\/guitares-et-luthiers.fr\/wp-content\/uploads\/2023\/07\/IMG_0126-1024x267.jpg 1024w, https:\/\/guitares-et-luthiers.fr\/wp-content\/uploads\/2023\/07\/IMG_0126-300x78.jpg 300w, https:\/\/guitares-et-luthiers.fr\/wp-content\/uploads\/2023\/07\/IMG_0126-768x200.jpg 768w, https:\/\/guitares-et-luthiers.fr\/wp-content\/uploads\/2023\/07\/IMG_0126-1536x401.jpg 1536w, https:\/\/guitares-et-luthiers.fr\/wp-content\/uploads\/2023\/07\/IMG_0126-2048x535.jpg 2048w\" sizes=\"auto, (max-width: 706px) 89vw, (max-width: 767px) 82vw, 740px\" \/><\/figure>\n\n\n\n<figure class=\"wp-block-image size-large\"><img loading=\"lazy\" decoding=\"async\" width=\"687\" height=\"1024\" data-id=\"1913\" src=\"https:\/\/guitares-et-luthiers.fr\/wp-content\/uploads\/2023\/07\/IMG_0125-687x1024.jpg\" alt=\"\" class=\"wp-image-1913\" srcset=\"https:\/\/guitares-et-luthiers.fr\/wp-content\/uploads\/2023\/07\/IMG_0125-687x1024.jpg 687w, https:\/\/guitares-et-luthiers.fr\/wp-content\/uploads\/2023\/07\/IMG_0125-201x300.jpg 201w, https:\/\/guitares-et-luthiers.fr\/wp-content\/uploads\/2023\/07\/IMG_0125-768x1145.jpg 768w, https:\/\/guitares-et-luthiers.fr\/wp-content\/uploads\/2023\/07\/IMG_0125-1030x1536.jpg 1030w, https:\/\/guitares-et-luthiers.fr\/wp-content\/uploads\/2023\/07\/IMG_0125-1374x2048.jpg 1374w, https:\/\/guitares-et-luthiers.fr\/wp-content\/uploads\/2023\/07\/IMG_0125-scaled.jpg 1717w\" sizes=\"auto, (max-width: 687px) 100vw, 687px\" \/><\/figure>\n\n\n\n<figure class=\"wp-block-image size-large\"><img loading=\"lazy\" decoding=\"async\" width=\"553\" height=\"1024\" data-id=\"1912\" src=\"https:\/\/guitares-et-luthiers.fr\/wp-content\/uploads\/2023\/07\/IMG_0124-553x1024.jpg\" alt=\"\" class=\"wp-image-1912\" srcset=\"https:\/\/guitares-et-luthiers.fr\/wp-content\/uploads\/2023\/07\/IMG_0124-553x1024.jpg 553w, https:\/\/guitares-et-luthiers.fr\/wp-content\/uploads\/2023\/07\/IMG_0124-162x300.jpg 162w, https:\/\/guitares-et-luthiers.fr\/wp-content\/uploads\/2023\/07\/IMG_0124-768x1421.jpg 768w, https:\/\/guitares-et-luthiers.fr\/wp-content\/uploads\/2023\/07\/IMG_0124-830x1536.jpg 830w, https:\/\/guitares-et-luthiers.fr\/wp-content\/uploads\/2023\/07\/IMG_0124-1107x2048.jpg 1107w, https:\/\/guitares-et-luthiers.fr\/wp-content\/uploads\/2023\/07\/IMG_0124-scaled.jpg 1383w\" sizes=\"auto, (max-width: 553px) 100vw, 553px\" \/><\/figure>\n\n\n\n<figure class=\"wp-block-image size-large\"><img loading=\"lazy\" decoding=\"async\" width=\"528\" height=\"1024\" data-id=\"1911\" src=\"https:\/\/guitares-et-luthiers.fr\/wp-content\/uploads\/2023\/07\/IMG_0123-528x1024.jpg\" alt=\"\" class=\"wp-image-1911\" srcset=\"https:\/\/guitares-et-luthiers.fr\/wp-content\/uploads\/2023\/07\/IMG_0123-528x1024.jpg 528w, https:\/\/guitares-et-luthiers.fr\/wp-content\/uploads\/2023\/07\/IMG_0123-155x300.jpg 155w, https:\/\/guitares-et-luthiers.fr\/wp-content\/uploads\/2023\/07\/IMG_0123-768x1489.jpg 768w, https:\/\/guitares-et-luthiers.fr\/wp-content\/uploads\/2023\/07\/IMG_0123-792x1536.jpg 792w, https:\/\/guitares-et-luthiers.fr\/wp-content\/uploads\/2023\/07\/IMG_0123-1056x2048.jpg 1056w, https:\/\/guitares-et-luthiers.fr\/wp-content\/uploads\/2023\/07\/IMG_0123-scaled.jpg 1320w\" sizes=\"auto, (max-width: 528px) 100vw, 528px\" \/><\/figure>\n\n\n\n<figure class=\"wp-block-image size-large\"><img loading=\"lazy\" decoding=\"async\" width=\"442\" height=\"1024\" data-id=\"1910\" src=\"https:\/\/guitares-et-luthiers.fr\/wp-content\/uploads\/2023\/07\/IMG_0122-442x1024.jpg\" alt=\"\" class=\"wp-image-1910\" srcset=\"https:\/\/guitares-et-luthiers.fr\/wp-content\/uploads\/2023\/07\/IMG_0122-442x1024.jpg 442w, https:\/\/guitares-et-luthiers.fr\/wp-content\/uploads\/2023\/07\/IMG_0122-130x300.jpg 130w, https:\/\/guitares-et-luthiers.fr\/wp-content\/uploads\/2023\/07\/IMG_0122-768x1777.jpg 768w, https:\/\/guitares-et-luthiers.fr\/wp-content\/uploads\/2023\/07\/IMG_0122-885x2048.jpg 885w, https:\/\/guitares-et-luthiers.fr\/wp-content\/uploads\/2023\/07\/IMG_0122-scaled.jpg 1106w\" sizes=\"auto, (max-width: 442px) 100vw, 442px\" \/><\/figure>\n\n\n\n<figure class=\"wp-block-image size-large\"><img loading=\"lazy\" decoding=\"async\" width=\"920\" height=\"1024\" data-id=\"1917\" src=\"https:\/\/guitares-et-luthiers.fr\/wp-content\/uploads\/2023\/07\/IMG_0129-920x1024.jpg\" alt=\"\" class=\"wp-image-1917\" srcset=\"https:\/\/guitares-et-luthiers.fr\/wp-content\/uploads\/2023\/07\/IMG_0129-920x1024.jpg 920w, https:\/\/guitares-et-luthiers.fr\/wp-content\/uploads\/2023\/07\/IMG_0129-270x300.jpg 270w, https:\/\/guitares-et-luthiers.fr\/wp-content\/uploads\/2023\/07\/IMG_0129-768x854.jpg 768w, https:\/\/guitares-et-luthiers.fr\/wp-content\/uploads\/2023\/07\/IMG_0129-1381x1536.jpg 1381w, https:\/\/guitares-et-luthiers.fr\/wp-content\/uploads\/2023\/07\/IMG_0129-1841x2048.jpg 1841w\" sizes=\"auto, (max-width: 706px) 89vw, (max-width: 767px) 82vw, 740px\" \/><\/figure>\n\n\n\n<figure class=\"wp-block-image size-large\"><img loading=\"lazy\" decoding=\"async\" width=\"767\" height=\"1024\" data-id=\"1909\" src=\"https:\/\/guitares-et-luthiers.fr\/wp-content\/uploads\/2023\/07\/IMG_0121-767x1024.jpg\" alt=\"\" class=\"wp-image-1909\" srcset=\"https:\/\/guitares-et-luthiers.fr\/wp-content\/uploads\/2023\/07\/IMG_0121-767x1024.jpg 767w, https:\/\/guitares-et-luthiers.fr\/wp-content\/uploads\/2023\/07\/IMG_0121-225x300.jpg 225w, https:\/\/guitares-et-luthiers.fr\/wp-content\/uploads\/2023\/07\/IMG_0121-768x1026.jpg 768w, https:\/\/guitares-et-luthiers.fr\/wp-content\/uploads\/2023\/07\/IMG_0121-1150x1536.jpg 1150w, https:\/\/guitares-et-luthiers.fr\/wp-content\/uploads\/2023\/07\/IMG_0121-1533x2048.jpg 1533w, https:\/\/guitares-et-luthiers.fr\/wp-content\/uploads\/2023\/07\/IMG_0121-scaled.jpg 1917w\" sizes=\"auto, (max-width: 706px) 89vw, (max-width: 767px) 82vw, 740px\" \/><\/figure>\n<\/figure>\n","protected":false},"excerpt":{"rendered":"<p>Guitare Dominique Delarue mod\u00e8le Grand concert de 1995Table en red cedar, \u00e9clisses , dos et chevalet en palissandre.Diapason 65 cm . Avec \u00e9tui rigide. Une guitare avec un son tr\u00e8s profond, beaucoup de pr\u00e9sence , de \u00ab corps \u00bb, dans tous les registres et toutes les positions sur le manche. Beaucoup de clart\u00e9 dans les &hellip; <\/p>\n<p class=\"link-more\"><a href=\"https:\/\/guitares-et-luthiers.fr\/?page_id=1904\" class=\"more-link\">Continuer la lecture<span class=\"screen-reader-text\"> de &laquo;&nbsp;Guitare Delarue Grand Concert 1995&nbsp;&raquo;<\/span><\/a><\/p>\n","protected":false},"author":2,"featured_media":0,"parent":0,"menu_order":0,"comment_status":"closed","ping_status":"closed","template":"","meta":{"footnotes":""},"class_list":["post-1904","page","type-page","status-publish","hentry"],"_links":{"self":[{"href":"https:\/\/guitares-et-luthiers.fr\/index.php?rest_route=\/wp\/v2\/pages\/1904","targetHints":{"allow":["GET"]}}],"collection":[{"href":"https:\/\/guitares-et-luthiers.fr\/index.php?rest_route=\/wp\/v2\/pages"}],"about":[{"href":"https:\/\/guitares-et-luthiers.fr\/index.php?rest_route=\/wp\/v2\/types\/page"}],"author":[{"embeddable":true,"href":"https:\/\/guitares-et-luthiers.fr\/index.php?rest_route=\/wp\/v2\/users\/2"}],"replies":[{"embeddable":true,"href":"https:\/\/guitares-et-luthiers.fr\/index.php?rest_route=%2Fwp%2Fv2%2Fcomments&post=1904"}],"version-history":[{"count":4,"href":"https:\/\/guitares-et-luthiers.fr\/index.php?rest_route=\/wp\/v2\/pages\/1904\/revisions"}],"predecessor-version":[{"id":1920,"href":"https:\/\/guitares-et-luthiers.fr\/index.php?rest_route=\/wp\/v2\/pages\/1904\/revisions\/1920"}],"wp:attachment":[{"href":"https:\/\/guitares-et-luthiers.fr\/index.php?rest_route=%2Fwp%2Fv2%2Fmedia&parent=1904"}],"curies":[{"name":"wp","href":"https:\/\/api.w.org\/{rel}","templated":true}]}}