{"id":221,"date":"2014-01-03T13:12:51","date_gmt":"2014-01-03T12:12:51","guid":{"rendered":"http:\/\/guitares-et-luthiers.fr\/?page_id=221"},"modified":"2022-10-02T16:57:28","modified_gmt":"2022-10-02T15:57:28","slug":"cathedrale-audirac-2006","status":"publish","type":"page","link":"https:\/\/guitares-et-luthiers.fr\/?page_id=221","title":{"rendered":"\u00ab\u00a0Cath\u00e9drale\u00a0\u00bb Audirac 2006"},"content":{"rendered":"<p>Guitare mod\u00e8le Cath\u00e9drale 2006 de G\u00e9rard Audirac, table en \u00e9picea massif, dos, \u00e9clisses et chevalet en palissandre des Indes massif, touche \u00e9b\u00e8ne.<\/p>\n<p>Une esth\u00e9tique originale r\u00e9pondant \u00e0 des choix sonores qui font de cette guitare un instrument rare.<\/p>\n<p>ref: \u00a0\u201cguitares et luthiers d\u2019en France\u201d \u00a0 \u00a0 \u00a0\u00a0Ed Chandelle<\/p>\n<p><a href=\"https:\/\/guitares-et-luthiers.fr\/wp-content\/uploads\/2014\/02\/P1070564.jpg\" rel=\"lightbox[221]\"><img loading=\"lazy\" decoding=\"async\" class=\"alignnone size-medium wp-image-359\" src=\"https:\/\/guitares-et-luthiers.fr\/wp-content\/uploads\/2014\/02\/P1070564-300x225.jpg\" alt=\"Cath\u00e9drale Audirac 2006\" width=\"300\" height=\"225\" srcset=\"https:\/\/guitares-et-luthiers.fr\/wp-content\/uploads\/2014\/02\/P1070564-300x225.jpg 300w, https:\/\/guitares-et-luthiers.fr\/wp-content\/uploads\/2014\/02\/P1070564-1024x768.jpg 1024w\" sizes=\"auto, (max-width: 300px) 100vw, 300px\" \/><\/a> <a href=\"https:\/\/guitares-et-luthiers.fr\/wp-content\/uploads\/2014\/02\/P1070563.jpg\" rel=\"lightbox[221]\"><img loading=\"lazy\" decoding=\"async\" class=\"alignnone size-medium wp-image-358\" src=\"https:\/\/guitares-et-luthiers.fr\/wp-content\/uploads\/2014\/02\/P1070563-300x225.jpg\" alt=\"Cath\u00e9drale Audirac 2006\" width=\"300\" height=\"225\" srcset=\"https:\/\/guitares-et-luthiers.fr\/wp-content\/uploads\/2014\/02\/P1070563-300x225.jpg 300w, https:\/\/guitares-et-luthiers.fr\/wp-content\/uploads\/2014\/02\/P1070563-1024x768.jpg 1024w\" sizes=\"auto, (max-width: 300px) 100vw, 300px\" \/><\/a> <a href=\"https:\/\/guitares-et-luthiers.fr\/wp-content\/uploads\/2014\/02\/P1070562.jpg\" rel=\"lightbox[221]\"><img loading=\"lazy\" decoding=\"async\" class=\"alignnone size-medium wp-image-357\" src=\"https:\/\/guitares-et-luthiers.fr\/wp-content\/uploads\/2014\/02\/P1070562-300x225.jpg\" alt=\"Cath\u00e9drale Audirac 2006\" width=\"300\" height=\"225\" srcset=\"https:\/\/guitares-et-luthiers.fr\/wp-content\/uploads\/2014\/02\/P1070562-300x225.jpg 300w, https:\/\/guitares-et-luthiers.fr\/wp-content\/uploads\/2014\/02\/P1070562-1024x768.jpg 1024w\" sizes=\"auto, (max-width: 300px) 100vw, 300px\" \/><\/a> <a href=\"https:\/\/guitares-et-luthiers.fr\/wp-content\/uploads\/2014\/02\/P1070561.jpg\" rel=\"lightbox[221]\"><img loading=\"lazy\" decoding=\"async\" class=\"alignnone size-medium wp-image-356\" src=\"https:\/\/guitares-et-luthiers.fr\/wp-content\/uploads\/2014\/02\/P1070561-300x225.jpg\" alt=\"Cath\u00e9drale Audirac 2006\" width=\"300\" height=\"225\" srcset=\"https:\/\/guitares-et-luthiers.fr\/wp-content\/uploads\/2014\/02\/P1070561-300x225.jpg 300w, https:\/\/guitares-et-luthiers.fr\/wp-content\/uploads\/2014\/02\/P1070561-1024x768.jpg 1024w\" sizes=\"auto, (max-width: 300px) 100vw, 300px\" \/><\/a> <a href=\"https:\/\/guitares-et-luthiers.fr\/wp-content\/uploads\/2014\/02\/P1070560.jpg\" rel=\"lightbox[221]\"><img loading=\"lazy\" decoding=\"async\" class=\"alignnone size-medium wp-image-355\" src=\"https:\/\/guitares-et-luthiers.fr\/wp-content\/uploads\/2014\/02\/P1070560-225x300.jpg\" alt=\"Cath\u00e9drale Audirac 2006\" width=\"225\" height=\"300\" srcset=\"https:\/\/guitares-et-luthiers.fr\/wp-content\/uploads\/2014\/02\/P1070560-225x300.jpg 225w, https:\/\/guitares-et-luthiers.fr\/wp-content\/uploads\/2014\/02\/P1070560-768x1024.jpg 768w, https:\/\/guitares-et-luthiers.fr\/wp-content\/uploads\/2014\/02\/P1070560.jpg 1728w\" sizes=\"auto, (max-width: 225px) 100vw, 225px\" \/><\/a> <a href=\"https:\/\/guitares-et-luthiers.fr\/wp-content\/uploads\/2014\/02\/P1070558.jpg\" rel=\"lightbox[221]\"><img loading=\"lazy\" decoding=\"async\" class=\"alignnone size-medium wp-image-353\" src=\"https:\/\/guitares-et-luthiers.fr\/wp-content\/uploads\/2014\/02\/P1070558-300x225.jpg\" alt=\"Cath\u00e9drale Audirac 2006\" width=\"300\" height=\"225\" srcset=\"https:\/\/guitares-et-luthiers.fr\/wp-content\/uploads\/2014\/02\/P1070558-300x225.jpg 300w, https:\/\/guitares-et-luthiers.fr\/wp-content\/uploads\/2014\/02\/P1070558-1024x768.jpg 1024w\" sizes=\"auto, (max-width: 300px) 100vw, 300px\" \/><\/a><\/p>\n<figure id=\"attachment_352\" aria-describedby=\"caption-attachment-352\" style=\"width: 300px\" class=\"wp-caption alignnone\"><a href=\"https:\/\/guitares-et-luthiers.fr\/wp-content\/uploads\/2014\/02\/P1070557.jpg\" rel=\"lightbox[221]\"><img loading=\"lazy\" decoding=\"async\" class=\"size-medium wp-image-352 \" src=\"https:\/\/guitares-et-luthiers.fr\/wp-content\/uploads\/2014\/02\/P1070557-300x225.jpg\" alt=\"Cath\u00e9drale Audirac 2006\" width=\"300\" height=\"225\" srcset=\"https:\/\/guitares-et-luthiers.fr\/wp-content\/uploads\/2014\/02\/P1070557-300x225.jpg 300w, https:\/\/guitares-et-luthiers.fr\/wp-content\/uploads\/2014\/02\/P1070557-1024x768.jpg 1024w\" sizes=\"auto, (max-width: 300px) 100vw, 300px\" \/><\/a><figcaption id=\"caption-attachment-352\" class=\"wp-caption-text\">Cath\u00e9drale Audirac 2006<a style=\"font-size: 16px;\" href=\"https:\/\/guitares-et-luthiers.fr\/wp-content\/uploads\/2014\/02\/P1070553.jpg\" rel=\"lightbox[221]\"><img loading=\"lazy\" decoding=\"async\" class=\"alignnone size-medium wp-image-351\" src=\"https:\/\/guitares-et-luthiers.fr\/wp-content\/uploads\/2014\/02\/P1070553-225x300.jpg\" alt=\"Cath\u00e9drale Audirac 2006\" width=\"225\" height=\"300\" srcset=\"https:\/\/guitares-et-luthiers.fr\/wp-content\/uploads\/2014\/02\/P1070553-225x300.jpg 225w, https:\/\/guitares-et-luthiers.fr\/wp-content\/uploads\/2014\/02\/P1070553-768x1024.jpg 768w, https:\/\/guitares-et-luthiers.fr\/wp-content\/uploads\/2014\/02\/P1070553.jpg 1728w\" sizes=\"auto, (max-width: 225px) 100vw, 225px\" \/><\/a><span style=\"font-size: 16px;\">\u00a0<\/span><\/figcaption><\/figure>\n","protected":false},"excerpt":{"rendered":"<p>Guitare mod\u00e8le Cath\u00e9drale 2006 de G\u00e9rard Audirac, table en \u00e9picea massif, dos, \u00e9clisses et chevalet en palissandre des Indes massif, touche \u00e9b\u00e8ne. Une esth\u00e9tique originale r\u00e9pondant \u00e0 des choix sonores qui font de cette guitare un instrument rare. ref: \u00a0\u201cguitares et luthiers d\u2019en France\u201d \u00a0 \u00a0 \u00a0\u00a0Ed Chandelle<\/p>\n","protected":false},"author":2,"featured_media":0,"parent":0,"menu_order":0,"comment_status":"open","ping_status":"open","template":"","meta":{"footnotes":""},"class_list":["post-221","page","type-page","status-publish","hentry"],"_links":{"self":[{"href":"https:\/\/guitares-et-luthiers.fr\/index.php?rest_route=\/wp\/v2\/pages\/221","targetHints":{"allow":["GET"]}}],"collection":[{"href":"https:\/\/guitares-et-luthiers.fr\/index.php?rest_route=\/wp\/v2\/pages"}],"about":[{"href":"https:\/\/guitares-et-luthiers.fr\/index.php?rest_route=\/wp\/v2\/types\/page"}],"author":[{"embeddable":true,"href":"https:\/\/guitares-et-luthiers.fr\/index.php?rest_route=\/wp\/v2\/users\/2"}],"replies":[{"embeddable":true,"href":"https:\/\/guitares-et-luthiers.fr\/index.php?rest_route=%2Fwp%2Fv2%2Fcomments&post=221"}],"version-history":[{"count":5,"href":"https:\/\/guitares-et-luthiers.fr\/index.php?rest_route=\/wp\/v2\/pages\/221\/revisions"}],"predecessor-version":[{"id":1475,"href":"https:\/\/guitares-et-luthiers.fr\/index.php?rest_route=\/wp\/v2\/pages\/221\/revisions\/1475"}],"wp:attachment":[{"href":"https:\/\/guitares-et-luthiers.fr\/index.php?rest_route=%2Fwp%2Fv2%2Fmedia&parent=221"}],"curies":[{"name":"wp","href":"https:\/\/api.w.org\/{rel}","templated":true}]}}