{"id":224,"date":"2014-01-03T13:17:14","date_gmt":"2014-01-03T12:17:14","guid":{"rendered":"http:\/\/guitares-et-luthiers.fr\/?page_id=224"},"modified":"2014-03-12T09:47:10","modified_gmt":"2014-03-12T08:47:10","slug":"concert-audirac-2009","status":"publish","type":"page","link":"https:\/\/guitares-et-luthiers.fr\/?page_id=224","title":{"rendered":"\u00ab\u00a0Concert\u00a0\u00bb Audirac 2009"},"content":{"rendered":"<p>Guitare mod\u00e8le \u201cConcert\u201d de G\u00e9rard Audirac de 2009, table en red cedar, dos \u00e9clisses et chevalet en palissandre massifs, touche en \u00e9b\u00e8ne.<\/p>\n<p>Diapason 63 cm.<\/p>\n<p>La bouche sur l\u2019\u00e9clisse r\u00e9pond \u00e0 des imp\u00e9ratifs sonores.<\/p>\n<p>Sur cet instrument,tant l\u2019esth\u00e9tique que le son remettent en cause nos certitudes sur la guitare&#8230; Osons&#8230;<\/p>\n<p>\u201cguitares et luthiers d\u2019en France\u201d \u00a0 \u00a0 \u00a0\u00a0Ed Chandelle<\/p>\n<audio class=\"wp-audio-shortcode\" id=\"audio-224-1\" preload=\"none\" style=\"width: 100%;\" controls=\"controls\"><source type=\"audio\/mpeg\" src=\"https:\/\/guitares-et-luthiers.fr\/wp-content\/uploads\/2014\/03\/10-g\u00e9n\u00e9rator-\u00e9cho-reverb.mp3?_=1\" \/><a href=\"https:\/\/guitares-et-luthiers.fr\/wp-content\/uploads\/2014\/03\/10-g\u00e9n\u00e9rator-\u00e9cho-reverb.mp3\">https:\/\/guitares-et-luthiers.fr\/wp-content\/uploads\/2014\/03\/10-g\u00e9n\u00e9rator-\u00e9cho-reverb.mp3<\/a><\/audio>\n<p>Generator de Gary Ryan par le duo Affretando (Paule Rodriguez et Louis-Marie Feuillet )<\/p>\n<p><a href=\"https:\/\/guitares-et-luthiers.fr\/wp-content\/uploads\/2013\/12\/P1070552.jpg\" rel=\"lightbox[224]\"><img loading=\"lazy\" decoding=\"async\" class=\"alignnone size-medium wp-image-69\" alt=\"audirac concert\" src=\"https:\/\/guitares-et-luthiers.fr\/wp-content\/uploads\/2013\/12\/P1070552-300x225.jpg\" width=\"300\" height=\"225\" srcset=\"https:\/\/guitares-et-luthiers.fr\/wp-content\/uploads\/2013\/12\/P1070552-300x225.jpg 300w, https:\/\/guitares-et-luthiers.fr\/wp-content\/uploads\/2013\/12\/P1070552-1024x768.jpg 1024w\" sizes=\"auto, (max-width: 300px) 100vw, 300px\" \/><\/a> <a href=\"https:\/\/guitares-et-luthiers.fr\/wp-content\/uploads\/2013\/12\/P1070550.jpg\" rel=\"lightbox[224]\"><img loading=\"lazy\" decoding=\"async\" class=\"alignnone size-medium wp-image-67\" alt=\"audirac concert\" src=\"https:\/\/guitares-et-luthiers.fr\/wp-content\/uploads\/2013\/12\/P1070550-300x225.jpg\" width=\"300\" height=\"225\" srcset=\"https:\/\/guitares-et-luthiers.fr\/wp-content\/uploads\/2013\/12\/P1070550-300x225.jpg 300w, https:\/\/guitares-et-luthiers.fr\/wp-content\/uploads\/2013\/12\/P1070550-1024x768.jpg 1024w\" sizes=\"auto, (max-width: 300px) 100vw, 300px\" \/><\/a> <a href=\"https:\/\/guitares-et-luthiers.fr\/wp-content\/uploads\/2013\/12\/P1070547.jpg\" rel=\"lightbox[224]\"><img loading=\"lazy\" decoding=\"async\" class=\"alignnone size-medium wp-image-65\" alt=\"audirac concert\" src=\"https:\/\/guitares-et-luthiers.fr\/wp-content\/uploads\/2013\/12\/P1070547-300x225.jpg\" width=\"300\" height=\"225\" srcset=\"https:\/\/guitares-et-luthiers.fr\/wp-content\/uploads\/2013\/12\/P1070547-300x225.jpg 300w, https:\/\/guitares-et-luthiers.fr\/wp-content\/uploads\/2013\/12\/P1070547-1024x768.jpg 1024w\" sizes=\"auto, (max-width: 300px) 100vw, 300px\" \/><\/a> <a href=\"https:\/\/guitares-et-luthiers.fr\/wp-content\/uploads\/2013\/12\/P1070546.jpg\" rel=\"lightbox[224]\"><img loading=\"lazy\" decoding=\"async\" class=\"alignnone size-medium wp-image-64\" alt=\"audirac concert\" src=\"https:\/\/guitares-et-luthiers.fr\/wp-content\/uploads\/2013\/12\/P1070546-300x225.jpg\" width=\"300\" height=\"225\" srcset=\"https:\/\/guitares-et-luthiers.fr\/wp-content\/uploads\/2013\/12\/P1070546-300x225.jpg 300w, https:\/\/guitares-et-luthiers.fr\/wp-content\/uploads\/2013\/12\/P1070546-1024x768.jpg 1024w\" sizes=\"auto, (max-width: 300px) 100vw, 300px\" \/><\/a> <a href=\"https:\/\/guitares-et-luthiers.fr\/wp-content\/uploads\/2013\/12\/P1070544.jpg\" rel=\"lightbox[224]\"><img loading=\"lazy\" decoding=\"async\" class=\"alignnone size-medium wp-image-63\" alt=\"audirac concert\" src=\"https:\/\/guitares-et-luthiers.fr\/wp-content\/uploads\/2013\/12\/P1070544-300x225.jpg\" width=\"300\" height=\"225\" srcset=\"https:\/\/guitares-et-luthiers.fr\/wp-content\/uploads\/2013\/12\/P1070544-300x225.jpg 300w, https:\/\/guitares-et-luthiers.fr\/wp-content\/uploads\/2013\/12\/P1070544-1024x768.jpg 1024w\" sizes=\"auto, (max-width: 300px) 100vw, 300px\" \/><\/a> <a href=\"https:\/\/guitares-et-luthiers.fr\/wp-content\/uploads\/2013\/12\/P1070542.jpg\" rel=\"lightbox[224]\"><img loading=\"lazy\" decoding=\"async\" class=\"alignnone size-medium wp-image-62\" alt=\"audirac concert\" src=\"https:\/\/guitares-et-luthiers.fr\/wp-content\/uploads\/2013\/12\/P1070542-225x300.jpg\" width=\"225\" height=\"300\" srcset=\"https:\/\/guitares-et-luthiers.fr\/wp-content\/uploads\/2013\/12\/P1070542-225x300.jpg 225w, https:\/\/guitares-et-luthiers.fr\/wp-content\/uploads\/2013\/12\/P1070542-768x1024.jpg 768w, https:\/\/guitares-et-luthiers.fr\/wp-content\/uploads\/2013\/12\/P1070542.jpg 1728w\" sizes=\"auto, (max-width: 225px) 100vw, 225px\" \/><\/a><\/p>\n","protected":false},"excerpt":{"rendered":"<p>Guitare mod\u00e8le \u201cConcert\u201d de G\u00e9rard Audirac de 2009, table en red cedar, dos \u00e9clisses et chevalet en palissandre massifs, touche en \u00e9b\u00e8ne. Diapason 63 cm. La bouche sur l\u2019\u00e9clisse r\u00e9pond \u00e0 des imp\u00e9ratifs sonores. Sur cet instrument,tant l\u2019esth\u00e9tique que le son remettent en cause nos certitudes sur la guitare&#8230; Osons&#8230; \u201cguitares et luthiers d\u2019en France\u201d &hellip; <\/p>\n<p class=\"link-more\"><a href=\"https:\/\/guitares-et-luthiers.fr\/?page_id=224\" class=\"more-link\">Continuer la lecture<span class=\"screen-reader-text\"> de &laquo;&nbsp;\u00ab\u00a0Concert\u00a0\u00bb Audirac 2009&nbsp;&raquo;<\/span><\/a><\/p>\n","protected":false},"author":2,"featured_media":0,"parent":0,"menu_order":0,"comment_status":"open","ping_status":"open","template":"","meta":{"footnotes":""},"class_list":["post-224","page","type-page","status-publish","hentry"],"_links":{"self":[{"href":"https:\/\/guitares-et-luthiers.fr\/index.php?rest_route=\/wp\/v2\/pages\/224","targetHints":{"allow":["GET"]}}],"collection":[{"href":"https:\/\/guitares-et-luthiers.fr\/index.php?rest_route=\/wp\/v2\/pages"}],"about":[{"href":"https:\/\/guitares-et-luthiers.fr\/index.php?rest_route=\/wp\/v2\/types\/page"}],"author":[{"embeddable":true,"href":"https:\/\/guitares-et-luthiers.fr\/index.php?rest_route=\/wp\/v2\/users\/2"}],"replies":[{"embeddable":true,"href":"https:\/\/guitares-et-luthiers.fr\/index.php?rest_route=%2Fwp%2Fv2%2Fcomments&post=224"}],"version-history":[{"count":6,"href":"https:\/\/guitares-et-luthiers.fr\/index.php?rest_route=\/wp\/v2\/pages\/224\/revisions"}],"predecessor-version":[{"id":553,"href":"https:\/\/guitares-et-luthiers.fr\/index.php?rest_route=\/wp\/v2\/pages\/224\/revisions\/553"}],"wp:attachment":[{"href":"https:\/\/guitares-et-luthiers.fr\/index.php?rest_route=%2Fwp%2Fv2%2Fmedia&parent=224"}],"curies":[{"name":"wp","href":"https:\/\/api.w.org\/{rel}","templated":true}]}}