{"id":227,"date":"2014-01-03T14:07:37","date_gmt":"2014-01-03T13:07:37","guid":{"rendered":"http:\/\/guitares-et-luthiers.fr\/?page_id=227"},"modified":"2022-10-02T17:54:27","modified_gmt":"2022-10-02T16:54:27","slug":"concert-modele-bouchet-bedikian-2002","status":"publish","type":"page","link":"https:\/\/guitares-et-luthiers.fr\/?page_id=227","title":{"rendered":"\u00ab\u00a0concert\u00a0\u00bb mod\u00e8le Bouchet Bedikian 2002"},"content":{"rendered":"<p>Luthier :\u00a0Victor Bedikian<\/p>\n<p>Mod\u00e8le :\u00a0Concert , barrages Bouchet<\/p>\n<p>Ann\u00e9e :\u00a02002<\/p>\n<p>Bois :\u00a0table en \u00e9picea , dos et \u00e9clisses en palissandre des Indes, manche c\u00e9dro, touche \u00e9b\u00e8ne, chevalet en palissandre, vernis au tampon.<\/p>\n<p>Une lutherie de haut niveau avec les<\/p>\n<div>qualit\u00e9s d\u2019une facture traditionnelle.<\/div>\n<div>* manche en cedro du Honduras;* placage de t\u00eate en palissandre<\/p>\n<p>* barrages de table de type Bouchet<\/p>\n<p>* rosace et filetterie sp\u00e9cifiques<\/p>\n<p>Point de fioritures, uniquement l\u2019essentiel: le son ! Un timbre velout\u00e9, de la pr\u00e9cision, un \u00e9quilibre excellent.\u00a0 Tout parait couler de source sur cet instrument. Une harmonie \u00e0 tout point de vue, un r\u00e9gal pour musicien.<\/p>\n<p>ref:<\/p>\n<p>\u201c Luthiers et guitares d\u2019en France\u201d\u00a0ed Chandelle<\/p>\n<p>guitare classique n\u00b050 banc d\u2019essai<\/p>\n<p><a href=\"https:\/\/guitares-et-luthiers.fr\/wp-content\/uploads\/2014\/02\/P1070629.jpg\" rel=\"lightbox[227]\"><img loading=\"lazy\" decoding=\"async\" class=\"alignnone size-medium wp-image-459\" src=\"https:\/\/guitares-et-luthiers.fr\/wp-content\/uploads\/2014\/02\/P1070629-300x225.jpg\" alt=\"Bedikian mod\u00e8le Bouchet 2002\" width=\"300\" height=\"225\" srcset=\"https:\/\/guitares-et-luthiers.fr\/wp-content\/uploads\/2014\/02\/P1070629-300x225.jpg 300w, https:\/\/guitares-et-luthiers.fr\/wp-content\/uploads\/2014\/02\/P1070629-1024x768.jpg 1024w\" sizes=\"auto, (max-width: 300px) 100vw, 300px\" \/><\/a> <a href=\"https:\/\/guitares-et-luthiers.fr\/wp-content\/uploads\/2014\/02\/P1070628.jpg\" rel=\"lightbox[227]\"><img loading=\"lazy\" decoding=\"async\" class=\"alignnone size-medium wp-image-458\" src=\"https:\/\/guitares-et-luthiers.fr\/wp-content\/uploads\/2014\/02\/P1070628-300x225.jpg\" alt=\"Bedikian mod\u00e8le Bouchet 2002\" width=\"300\" height=\"225\" srcset=\"https:\/\/guitares-et-luthiers.fr\/wp-content\/uploads\/2014\/02\/P1070628-300x225.jpg 300w, https:\/\/guitares-et-luthiers.fr\/wp-content\/uploads\/2014\/02\/P1070628-1024x768.jpg 1024w\" sizes=\"auto, (max-width: 300px) 100vw, 300px\" \/><\/a> <a href=\"https:\/\/guitares-et-luthiers.fr\/wp-content\/uploads\/2014\/02\/P1070627.jpg\" rel=\"lightbox[227]\"><img loading=\"lazy\" decoding=\"async\" class=\"alignnone size-medium wp-image-457\" src=\"https:\/\/guitares-et-luthiers.fr\/wp-content\/uploads\/2014\/02\/P1070627-300x225.jpg\" alt=\"Bedikian mod\u00e8le Bouchet 2002\" width=\"300\" height=\"225\" srcset=\"https:\/\/guitares-et-luthiers.fr\/wp-content\/uploads\/2014\/02\/P1070627-300x225.jpg 300w, https:\/\/guitares-et-luthiers.fr\/wp-content\/uploads\/2014\/02\/P1070627-1024x768.jpg 1024w\" sizes=\"auto, (max-width: 300px) 100vw, 300px\" \/><\/a> <a href=\"https:\/\/guitares-et-luthiers.fr\/wp-content\/uploads\/2014\/02\/P1070625.jpg\" rel=\"lightbox[227]\"><img loading=\"lazy\" decoding=\"async\" class=\"alignnone size-medium wp-image-456\" src=\"https:\/\/guitares-et-luthiers.fr\/wp-content\/uploads\/2014\/02\/P1070625-300x225.jpg\" alt=\"Bedikian mod\u00e8le Bouchet 2002\" width=\"300\" height=\"225\" srcset=\"https:\/\/guitares-et-luthiers.fr\/wp-content\/uploads\/2014\/02\/P1070625-300x225.jpg 300w, https:\/\/guitares-et-luthiers.fr\/wp-content\/uploads\/2014\/02\/P1070625-1024x768.jpg 1024w\" sizes=\"auto, (max-width: 300px) 100vw, 300px\" \/><\/a> <a href=\"https:\/\/guitares-et-luthiers.fr\/wp-content\/uploads\/2014\/02\/P1070623.jpg\" rel=\"lightbox[227]\"><img loading=\"lazy\" decoding=\"async\" class=\"alignnone size-medium wp-image-455\" src=\"https:\/\/guitares-et-luthiers.fr\/wp-content\/uploads\/2014\/02\/P1070623-225x300.jpg\" alt=\"Bedikian mod\u00e8le Bouchet 2002\" width=\"225\" height=\"300\" srcset=\"https:\/\/guitares-et-luthiers.fr\/wp-content\/uploads\/2014\/02\/P1070623-225x300.jpg 225w, https:\/\/guitares-et-luthiers.fr\/wp-content\/uploads\/2014\/02\/P1070623-768x1024.jpg 768w, https:\/\/guitares-et-luthiers.fr\/wp-content\/uploads\/2014\/02\/P1070623.jpg 1728w\" sizes=\"auto, (max-width: 225px) 100vw, 225px\" \/><\/a> <a href=\"https:\/\/guitares-et-luthiers.fr\/wp-content\/uploads\/2014\/02\/P1070621.jpg\" rel=\"lightbox[227]\"><img loading=\"lazy\" decoding=\"async\" class=\"alignnone size-medium wp-image-454\" src=\"https:\/\/guitares-et-luthiers.fr\/wp-content\/uploads\/2014\/02\/P1070621-225x300.jpg\" alt=\"Bedikian mod\u00e8le Bouchet 2002\" width=\"225\" height=\"300\" srcset=\"https:\/\/guitares-et-luthiers.fr\/wp-content\/uploads\/2014\/02\/P1070621-225x300.jpg 225w, https:\/\/guitares-et-luthiers.fr\/wp-content\/uploads\/2014\/02\/P1070621-768x1024.jpg 768w, https:\/\/guitares-et-luthiers.fr\/wp-content\/uploads\/2014\/02\/P1070621.jpg 1728w\" sizes=\"auto, (max-width: 225px) 100vw, 225px\" \/><\/a> <a href=\"https:\/\/guitares-et-luthiers.fr\/wp-content\/uploads\/2014\/02\/P1070619.jpg\" rel=\"lightbox[227]\"><img loading=\"lazy\" decoding=\"async\" class=\"alignnone size-medium wp-image-453\" src=\"https:\/\/guitares-et-luthiers.fr\/wp-content\/uploads\/2014\/02\/P1070619-225x300.jpg\" alt=\"Bedikian mod\u00e8le Bouchet 2002\" width=\"225\" height=\"300\" srcset=\"https:\/\/guitares-et-luthiers.fr\/wp-content\/uploads\/2014\/02\/P1070619-225x300.jpg 225w, https:\/\/guitares-et-luthiers.fr\/wp-content\/uploads\/2014\/02\/P1070619-768x1024.jpg 768w, https:\/\/guitares-et-luthiers.fr\/wp-content\/uploads\/2014\/02\/P1070619.jpg 1728w\" sizes=\"auto, (max-width: 225px) 100vw, 225px\" \/><\/a> <a href=\"https:\/\/guitares-et-luthiers.fr\/wp-content\/uploads\/2014\/02\/P1070618.jpg\" rel=\"lightbox[227]\"><img loading=\"lazy\" decoding=\"async\" class=\"alignnone size-medium wp-image-452\" src=\"https:\/\/guitares-et-luthiers.fr\/wp-content\/uploads\/2014\/02\/P1070618-300x225.jpg\" alt=\"Bedikian mod\u00e8le Bouchet 2002\" width=\"300\" height=\"225\" srcset=\"https:\/\/guitares-et-luthiers.fr\/wp-content\/uploads\/2014\/02\/P1070618-300x225.jpg 300w, https:\/\/guitares-et-luthiers.fr\/wp-content\/uploads\/2014\/02\/P1070618-1024x768.jpg 1024w\" sizes=\"auto, (max-width: 300px) 100vw, 300px\" \/><\/a> <a href=\"https:\/\/guitares-et-luthiers.fr\/wp-content\/uploads\/2014\/02\/P1070617.jpg\" rel=\"lightbox[227]\"><img loading=\"lazy\" decoding=\"async\" class=\"alignnone size-medium wp-image-451\" src=\"https:\/\/guitares-et-luthiers.fr\/wp-content\/uploads\/2014\/02\/P1070617-300x225.jpg\" alt=\"Bedikian mod\u00e8le Bouchet 2002\" width=\"300\" height=\"225\" srcset=\"https:\/\/guitares-et-luthiers.fr\/wp-content\/uploads\/2014\/02\/P1070617-300x225.jpg 300w, https:\/\/guitares-et-luthiers.fr\/wp-content\/uploads\/2014\/02\/P1070617-1024x768.jpg 1024w\" sizes=\"auto, (max-width: 300px) 100vw, 300px\" \/><\/a><\/p>\n<\/div>\n","protected":false},"excerpt":{"rendered":"<p>Luthier :\u00a0Victor Bedikian Mod\u00e8le :\u00a0Concert , barrages Bouchet Ann\u00e9e :\u00a02002 Bois :\u00a0table en \u00e9picea , dos et \u00e9clisses en palissandre des Indes, manche c\u00e9dro, touche \u00e9b\u00e8ne, chevalet en palissandre, vernis au tampon. Une lutherie de haut niveau avec les qualit\u00e9s d\u2019une facture traditionnelle. * manche en cedro du Honduras;* placage de t\u00eate en palissandre * &hellip; <\/p>\n<p class=\"link-more\"><a href=\"https:\/\/guitares-et-luthiers.fr\/?page_id=227\" class=\"more-link\">Continuer la lecture<span class=\"screen-reader-text\"> de &laquo;&nbsp;\u00ab\u00a0concert\u00a0\u00bb mod\u00e8le Bouchet Bedikian 2002&nbsp;&raquo;<\/span><\/a><\/p>\n","protected":false},"author":2,"featured_media":0,"parent":0,"menu_order":0,"comment_status":"open","ping_status":"open","template":"","meta":{"footnotes":""},"class_list":["post-227","page","type-page","status-publish","hentry"],"_links":{"self":[{"href":"https:\/\/guitares-et-luthiers.fr\/index.php?rest_route=\/wp\/v2\/pages\/227","targetHints":{"allow":["GET"]}}],"collection":[{"href":"https:\/\/guitares-et-luthiers.fr\/index.php?rest_route=\/wp\/v2\/pages"}],"about":[{"href":"https:\/\/guitares-et-luthiers.fr\/index.php?rest_route=\/wp\/v2\/types\/page"}],"author":[{"embeddable":true,"href":"https:\/\/guitares-et-luthiers.fr\/index.php?rest_route=\/wp\/v2\/users\/2"}],"replies":[{"embeddable":true,"href":"https:\/\/guitares-et-luthiers.fr\/index.php?rest_route=%2Fwp%2Fv2%2Fcomments&post=227"}],"version-history":[{"count":4,"href":"https:\/\/guitares-et-luthiers.fr\/index.php?rest_route=\/wp\/v2\/pages\/227\/revisions"}],"predecessor-version":[{"id":1479,"href":"https:\/\/guitares-et-luthiers.fr\/index.php?rest_route=\/wp\/v2\/pages\/227\/revisions\/1479"}],"wp:attachment":[{"href":"https:\/\/guitares-et-luthiers.fr\/index.php?rest_route=%2Fwp%2Fv2%2Fmedia&parent=227"}],"curies":[{"name":"wp","href":"https:\/\/api.w.org\/{rel}","templated":true}]}}