{"id":2615,"date":"2026-01-29T16:45:52","date_gmt":"2026-01-29T15:45:52","guid":{"rendered":"https:\/\/guitares-et-luthiers.fr\/?page_id=2615"},"modified":"2026-01-29T16:45:52","modified_gmt":"2026-01-29T15:45:52","slug":"bedikian-2021","status":"publish","type":"page","link":"https:\/\/guitares-et-luthiers.fr\/?page_id=2615","title":{"rendered":"Bedikian 2021"},"content":{"rendered":"\n<p>Guitare Victor Bedikian de 2021 , neuve , \u00e9picea \/ palissandre \/ \u00e9b\u00e8ne <\/p>\n\n\n\n<p>Avec \u00e9tui. <\/p>\n\n\n\n<figure class=\"wp-block-gallery has-nested-images columns-default is-cropped wp-block-gallery-1 is-layout-flex wp-block-gallery-is-layout-flex\">\n<figure class=\"wp-block-image size-large\"><img loading=\"lazy\" decoding=\"async\" width=\"886\" height=\"1024\" data-id=\"2614\" src=\"https:\/\/guitares-et-luthiers.fr\/wp-content\/uploads\/2026\/01\/Bedikian-2021-339-a-886x1024.jpg\" alt=\"\" class=\"wp-image-2614\" srcset=\"https:\/\/guitares-et-luthiers.fr\/wp-content\/uploads\/2026\/01\/Bedikian-2021-339-a-886x1024.jpg 886w, https:\/\/guitares-et-luthiers.fr\/wp-content\/uploads\/2026\/01\/Bedikian-2021-339-a-259x300.jpg 259w, https:\/\/guitares-et-luthiers.fr\/wp-content\/uploads\/2026\/01\/Bedikian-2021-339-a-768x888.jpg 768w, https:\/\/guitares-et-luthiers.fr\/wp-content\/uploads\/2026\/01\/Bedikian-2021-339-a-1329x1536.jpg 1329w, https:\/\/guitares-et-luthiers.fr\/wp-content\/uploads\/2026\/01\/Bedikian-2021-339-a-1771x2048.jpg 1771w\" sizes=\"auto, (max-width: 706px) 89vw, (max-width: 767px) 82vw, 740px\" \/><\/figure>\n\n\n\n<figure class=\"wp-block-image size-large\"><img loading=\"lazy\" decoding=\"async\" width=\"1024\" height=\"1016\" data-id=\"2613\" src=\"https:\/\/guitares-et-luthiers.fr\/wp-content\/uploads\/2026\/01\/Bedikian-2021-339-b-1024x1016.jpg\" alt=\"\" class=\"wp-image-2613\" srcset=\"https:\/\/guitares-et-luthiers.fr\/wp-content\/uploads\/2026\/01\/Bedikian-2021-339-b-1024x1016.jpg 1024w, https:\/\/guitares-et-luthiers.fr\/wp-content\/uploads\/2026\/01\/Bedikian-2021-339-b-300x298.jpg 300w, https:\/\/guitares-et-luthiers.fr\/wp-content\/uploads\/2026\/01\/Bedikian-2021-339-b-150x150.jpg 150w, https:\/\/guitares-et-luthiers.fr\/wp-content\/uploads\/2026\/01\/Bedikian-2021-339-b-768x762.jpg 768w, https:\/\/guitares-et-luthiers.fr\/wp-content\/uploads\/2026\/01\/Bedikian-2021-339-b-1536x1525.jpg 1536w, https:\/\/guitares-et-luthiers.fr\/wp-content\/uploads\/2026\/01\/Bedikian-2021-339-b-2048x2033.jpg 2048w, https:\/\/guitares-et-luthiers.fr\/wp-content\/uploads\/2026\/01\/Bedikian-2021-339-b-100x100.jpg 100w\" sizes=\"auto, (max-width: 706px) 89vw, (max-width: 767px) 82vw, 740px\" \/><\/figure>\n\n\n\n<figure class=\"wp-block-image size-large\"><img loading=\"lazy\" decoding=\"async\" width=\"1024\" height=\"310\" data-id=\"2612\" src=\"https:\/\/guitares-et-luthiers.fr\/wp-content\/uploads\/2026\/01\/Bedikian-2021-339-d-1024x310.jpg\" alt=\"\" class=\"wp-image-2612\" srcset=\"https:\/\/guitares-et-luthiers.fr\/wp-content\/uploads\/2026\/01\/Bedikian-2021-339-d-1024x310.jpg 1024w, https:\/\/guitares-et-luthiers.fr\/wp-content\/uploads\/2026\/01\/Bedikian-2021-339-d-300x91.jpg 300w, https:\/\/guitares-et-luthiers.fr\/wp-content\/uploads\/2026\/01\/Bedikian-2021-339-d-768x233.jpg 768w, https:\/\/guitares-et-luthiers.fr\/wp-content\/uploads\/2026\/01\/Bedikian-2021-339-d-1536x465.jpg 1536w, https:\/\/guitares-et-luthiers.fr\/wp-content\/uploads\/2026\/01\/Bedikian-2021-339-d-2048x621.jpg 2048w\" sizes=\"auto, (max-width: 706px) 89vw, (max-width: 767px) 82vw, 740px\" \/><\/figure>\n\n\n\n<figure class=\"wp-block-image size-large\"><img loading=\"lazy\" decoding=\"async\" width=\"758\" height=\"1024\" data-id=\"2611\" src=\"https:\/\/guitares-et-luthiers.fr\/wp-content\/uploads\/2026\/01\/Bedikian-2021-339-c-758x1024.jpg\" alt=\"\" class=\"wp-image-2611\" srcset=\"https:\/\/guitares-et-luthiers.fr\/wp-content\/uploads\/2026\/01\/Bedikian-2021-339-c-758x1024.jpg 758w, https:\/\/guitares-et-luthiers.fr\/wp-content\/uploads\/2026\/01\/Bedikian-2021-339-c-222x300.jpg 222w, https:\/\/guitares-et-luthiers.fr\/wp-content\/uploads\/2026\/01\/Bedikian-2021-339-c-768x1038.jpg 768w, https:\/\/guitares-et-luthiers.fr\/wp-content\/uploads\/2026\/01\/Bedikian-2021-339-c-1136x1536.jpg 1136w, https:\/\/guitares-et-luthiers.fr\/wp-content\/uploads\/2026\/01\/Bedikian-2021-339-c-1515x2048.jpg 1515w, https:\/\/guitares-et-luthiers.fr\/wp-content\/uploads\/2026\/01\/Bedikian-2021-339-c-scaled.jpg 1894w\" sizes=\"auto, (max-width: 706px) 89vw, (max-width: 767px) 82vw, 740px\" \/><\/figure>\n\n\n\n<figure class=\"wp-block-image size-large\"><img loading=\"lazy\" decoding=\"async\" width=\"599\" height=\"1024\" data-id=\"2610\" src=\"https:\/\/guitares-et-luthiers.fr\/wp-content\/uploads\/2026\/01\/Bedikian-2021-339-e-599x1024.jpg\" alt=\"\" class=\"wp-image-2610\" srcset=\"https:\/\/guitares-et-luthiers.fr\/wp-content\/uploads\/2026\/01\/Bedikian-2021-339-e-599x1024.jpg 599w, https:\/\/guitares-et-luthiers.fr\/wp-content\/uploads\/2026\/01\/Bedikian-2021-339-e-176x300.jpg 176w, https:\/\/guitares-et-luthiers.fr\/wp-content\/uploads\/2026\/01\/Bedikian-2021-339-e-768x1312.jpg 768w, https:\/\/guitares-et-luthiers.fr\/wp-content\/uploads\/2026\/01\/Bedikian-2021-339-e-899x1536.jpg 899w, https:\/\/guitares-et-luthiers.fr\/wp-content\/uploads\/2026\/01\/Bedikian-2021-339-e-1198x2048.jpg 1198w, https:\/\/guitares-et-luthiers.fr\/wp-content\/uploads\/2026\/01\/Bedikian-2021-339-e-scaled.jpg 1498w\" sizes=\"auto, (max-width: 599px) 100vw, 599px\" \/><\/figure>\n\n\n\n<figure class=\"wp-block-image size-large\"><img loading=\"lazy\" decoding=\"async\" width=\"465\" height=\"1024\" data-id=\"2609\" src=\"https:\/\/guitares-et-luthiers.fr\/wp-content\/uploads\/2026\/01\/Bedikian-2021-339-f-465x1024.jpg\" alt=\"\" class=\"wp-image-2609\" srcset=\"https:\/\/guitares-et-luthiers.fr\/wp-content\/uploads\/2026\/01\/Bedikian-2021-339-f-465x1024.jpg 465w, https:\/\/guitares-et-luthiers.fr\/wp-content\/uploads\/2026\/01\/Bedikian-2021-339-f-136x300.jpg 136w, https:\/\/guitares-et-luthiers.fr\/wp-content\/uploads\/2026\/01\/Bedikian-2021-339-f-768x1693.jpg 768w, https:\/\/guitares-et-luthiers.fr\/wp-content\/uploads\/2026\/01\/Bedikian-2021-339-f-697x1536.jpg 697w, https:\/\/guitares-et-luthiers.fr\/wp-content\/uploads\/2026\/01\/Bedikian-2021-339-f-929x2048.jpg 929w, https:\/\/guitares-et-luthiers.fr\/wp-content\/uploads\/2026\/01\/Bedikian-2021-339-f-scaled.jpg 1161w\" sizes=\"auto, (max-width: 465px) 100vw, 465px\" \/><\/figure>\n\n\n\n<figure class=\"wp-block-image size-large\"><img loading=\"lazy\" decoding=\"async\" width=\"714\" height=\"1024\" data-id=\"2608\" src=\"https:\/\/guitares-et-luthiers.fr\/wp-content\/uploads\/2026\/01\/Bedikian-2021-339-g-714x1024.jpg\" alt=\"\" class=\"wp-image-2608\" srcset=\"https:\/\/guitares-et-luthiers.fr\/wp-content\/uploads\/2026\/01\/Bedikian-2021-339-g-714x1024.jpg 714w, https:\/\/guitares-et-luthiers.fr\/wp-content\/uploads\/2026\/01\/Bedikian-2021-339-g-209x300.jpg 209w, https:\/\/guitares-et-luthiers.fr\/wp-content\/uploads\/2026\/01\/Bedikian-2021-339-g-768x1102.jpg 768w, https:\/\/guitares-et-luthiers.fr\/wp-content\/uploads\/2026\/01\/Bedikian-2021-339-g-1070x1536.jpg 1070w, https:\/\/guitares-et-luthiers.fr\/wp-content\/uploads\/2026\/01\/Bedikian-2021-339-g-1427x2048.jpg 1427w, https:\/\/guitares-et-luthiers.fr\/wp-content\/uploads\/2026\/01\/Bedikian-2021-339-g-scaled.jpg 1784w\" sizes=\"auto, (max-width: 714px) 100vw, 714px\" \/><\/figure>\n\n\n\n<figure class=\"wp-block-image size-large\"><img loading=\"lazy\" decoding=\"async\" width=\"809\" height=\"1024\" data-id=\"2607\" src=\"https:\/\/guitares-et-luthiers.fr\/wp-content\/uploads\/2026\/01\/Bedikian-2021-339-h-809x1024.jpg\" alt=\"\" class=\"wp-image-2607\" srcset=\"https:\/\/guitares-et-luthiers.fr\/wp-content\/uploads\/2026\/01\/Bedikian-2021-339-h-809x1024.jpg 809w, https:\/\/guitares-et-luthiers.fr\/wp-content\/uploads\/2026\/01\/Bedikian-2021-339-h-237x300.jpg 237w, https:\/\/guitares-et-luthiers.fr\/wp-content\/uploads\/2026\/01\/Bedikian-2021-339-h-768x973.jpg 768w, https:\/\/guitares-et-luthiers.fr\/wp-content\/uploads\/2026\/01\/Bedikian-2021-339-h-1213x1536.jpg 1213w, https:\/\/guitares-et-luthiers.fr\/wp-content\/uploads\/2026\/01\/Bedikian-2021-339-h-1617x2048.jpg 1617w, https:\/\/guitares-et-luthiers.fr\/wp-content\/uploads\/2026\/01\/Bedikian-2021-339-h-scaled.jpg 2022w\" sizes=\"auto, (max-width: 706px) 89vw, (max-width: 767px) 82vw, 740px\" \/><\/figure>\n\n\n\n<figure class=\"wp-block-image size-large\"><img loading=\"lazy\" decoding=\"async\" width=\"890\" height=\"1024\" data-id=\"2606\" src=\"https:\/\/guitares-et-luthiers.fr\/wp-content\/uploads\/2026\/01\/Bedikian-2021-339-i-890x1024.jpg\" alt=\"\" class=\"wp-image-2606\" srcset=\"https:\/\/guitares-et-luthiers.fr\/wp-content\/uploads\/2026\/01\/Bedikian-2021-339-i-890x1024.jpg 890w, https:\/\/guitares-et-luthiers.fr\/wp-content\/uploads\/2026\/01\/Bedikian-2021-339-i-261x300.jpg 261w, https:\/\/guitares-et-luthiers.fr\/wp-content\/uploads\/2026\/01\/Bedikian-2021-339-i-768x884.jpg 768w, https:\/\/guitares-et-luthiers.fr\/wp-content\/uploads\/2026\/01\/Bedikian-2021-339-i-1335x1536.jpg 1335w, https:\/\/guitares-et-luthiers.fr\/wp-content\/uploads\/2026\/01\/Bedikian-2021-339-i-1780x2048.jpg 1780w\" sizes=\"auto, (max-width: 706px) 89vw, (max-width: 767px) 82vw, 740px\" \/><\/figure>\n\n\n\n<figure class=\"wp-block-image size-large\"><img loading=\"lazy\" decoding=\"async\" width=\"767\" height=\"1024\" data-id=\"2605\" src=\"https:\/\/guitares-et-luthiers.fr\/wp-content\/uploads\/2026\/01\/Bedikian-2021-339-j-767x1024.jpg\" alt=\"\" class=\"wp-image-2605\" srcset=\"https:\/\/guitares-et-luthiers.fr\/wp-content\/uploads\/2026\/01\/Bedikian-2021-339-j-767x1024.jpg 767w, https:\/\/guitares-et-luthiers.fr\/wp-content\/uploads\/2026\/01\/Bedikian-2021-339-j-225x300.jpg 225w, https:\/\/guitares-et-luthiers.fr\/wp-content\/uploads\/2026\/01\/Bedikian-2021-339-j-768x1025.jpg 768w, https:\/\/guitares-et-luthiers.fr\/wp-content\/uploads\/2026\/01\/Bedikian-2021-339-j-1151x1536.jpg 1151w, https:\/\/guitares-et-luthiers.fr\/wp-content\/uploads\/2026\/01\/Bedikian-2021-339-j-1535x2048.jpg 1535w, https:\/\/guitares-et-luthiers.fr\/wp-content\/uploads\/2026\/01\/Bedikian-2021-339-j-scaled.jpg 1918w\" sizes=\"auto, (max-width: 706px) 89vw, (max-width: 767px) 82vw, 740px\" \/><\/figure>\n\n\n\n<figure class=\"wp-block-image size-large\"><img loading=\"lazy\" decoding=\"async\" width=\"754\" height=\"1024\" data-id=\"2604\" src=\"https:\/\/guitares-et-luthiers.fr\/wp-content\/uploads\/2026\/01\/Bedikian-2021-339-k-754x1024.jpg\" alt=\"\" class=\"wp-image-2604\" srcset=\"https:\/\/guitares-et-luthiers.fr\/wp-content\/uploads\/2026\/01\/Bedikian-2021-339-k-754x1024.jpg 754w, https:\/\/guitares-et-luthiers.fr\/wp-content\/uploads\/2026\/01\/Bedikian-2021-339-k-221x300.jpg 221w, https:\/\/guitares-et-luthiers.fr\/wp-content\/uploads\/2026\/01\/Bedikian-2021-339-k-768x1043.jpg 768w, https:\/\/guitares-et-luthiers.fr\/wp-content\/uploads\/2026\/01\/Bedikian-2021-339-k-1131x1536.jpg 1131w, https:\/\/guitares-et-luthiers.fr\/wp-content\/uploads\/2026\/01\/Bedikian-2021-339-k-1508x2048.jpg 1508w, https:\/\/guitares-et-luthiers.fr\/wp-content\/uploads\/2026\/01\/Bedikian-2021-339-k-scaled.jpg 1886w\" sizes=\"auto, (max-width: 706px) 89vw, (max-width: 767px) 82vw, 740px\" \/><\/figure>\n\n\n\n<figure class=\"wp-block-image size-large\"><img loading=\"lazy\" decoding=\"async\" width=\"1024\" height=\"1017\" data-id=\"2603\" src=\"https:\/\/guitares-et-luthiers.fr\/wp-content\/uploads\/2026\/01\/Bedikian-2021-339-l-1024x1017.jpg\" alt=\"\" class=\"wp-image-2603\" srcset=\"https:\/\/guitares-et-luthiers.fr\/wp-content\/uploads\/2026\/01\/Bedikian-2021-339-l-1024x1017.jpg 1024w, https:\/\/guitares-et-luthiers.fr\/wp-content\/uploads\/2026\/01\/Bedikian-2021-339-l-300x298.jpg 300w, https:\/\/guitares-et-luthiers.fr\/wp-content\/uploads\/2026\/01\/Bedikian-2021-339-l-150x150.jpg 150w, https:\/\/guitares-et-luthiers.fr\/wp-content\/uploads\/2026\/01\/Bedikian-2021-339-l-768x762.jpg 768w, https:\/\/guitares-et-luthiers.fr\/wp-content\/uploads\/2026\/01\/Bedikian-2021-339-l-1536x1525.jpg 1536w, https:\/\/guitares-et-luthiers.fr\/wp-content\/uploads\/2026\/01\/Bedikian-2021-339-l-2048x2033.jpg 2048w, https:\/\/guitares-et-luthiers.fr\/wp-content\/uploads\/2026\/01\/Bedikian-2021-339-l-100x100.jpg 100w\" sizes=\"auto, (max-width: 706px) 89vw, (max-width: 767px) 82vw, 740px\" \/><\/figure>\n\n\n\n<figure class=\"wp-block-image size-large\"><img loading=\"lazy\" decoding=\"async\" width=\"746\" height=\"1024\" data-id=\"2601\" src=\"https:\/\/guitares-et-luthiers.fr\/wp-content\/uploads\/2026\/01\/Bedikian-2021-339-n-746x1024.jpg\" alt=\"\" class=\"wp-image-2601\" srcset=\"https:\/\/guitares-et-luthiers.fr\/wp-content\/uploads\/2026\/01\/Bedikian-2021-339-n-746x1024.jpg 746w, https:\/\/guitares-et-luthiers.fr\/wp-content\/uploads\/2026\/01\/Bedikian-2021-339-n-218x300.jpg 218w, https:\/\/guitares-et-luthiers.fr\/wp-content\/uploads\/2026\/01\/Bedikian-2021-339-n-768x1055.jpg 768w, https:\/\/guitares-et-luthiers.fr\/wp-content\/uploads\/2026\/01\/Bedikian-2021-339-n-1118x1536.jpg 1118w, https:\/\/guitares-et-luthiers.fr\/wp-content\/uploads\/2026\/01\/Bedikian-2021-339-n-1491x2048.jpg 1491w, https:\/\/guitares-et-luthiers.fr\/wp-content\/uploads\/2026\/01\/Bedikian-2021-339-n-scaled.jpg 1864w\" sizes=\"auto, (max-width: 706px) 89vw, (max-width: 767px) 82vw, 740px\" \/><\/figure>\n\n\n\n<figure class=\"wp-block-image size-large\"><img loading=\"lazy\" decoding=\"async\" width=\"587\" height=\"1024\" data-id=\"2600\" src=\"https:\/\/guitares-et-luthiers.fr\/wp-content\/uploads\/2026\/01\/Bedikian-2021-339-o-587x1024.jpg\" alt=\"\" class=\"wp-image-2600\" srcset=\"https:\/\/guitares-et-luthiers.fr\/wp-content\/uploads\/2026\/01\/Bedikian-2021-339-o-587x1024.jpg 587w, https:\/\/guitares-et-luthiers.fr\/wp-content\/uploads\/2026\/01\/Bedikian-2021-339-o-172x300.jpg 172w, https:\/\/guitares-et-luthiers.fr\/wp-content\/uploads\/2026\/01\/Bedikian-2021-339-o-768x1339.jpg 768w, https:\/\/guitares-et-luthiers.fr\/wp-content\/uploads\/2026\/01\/Bedikian-2021-339-o-881x1536.jpg 881w, https:\/\/guitares-et-luthiers.fr\/wp-content\/uploads\/2026\/01\/Bedikian-2021-339-o-1174x2048.jpg 1174w, https:\/\/guitares-et-luthiers.fr\/wp-content\/uploads\/2026\/01\/Bedikian-2021-339-o-scaled.jpg 1468w\" sizes=\"auto, (max-width: 587px) 100vw, 587px\" \/><\/figure>\n\n\n\n<figure class=\"wp-block-image size-large\"><img loading=\"lazy\" decoding=\"async\" width=\"764\" height=\"1024\" data-id=\"2599\" src=\"https:\/\/guitares-et-luthiers.fr\/wp-content\/uploads\/2026\/01\/Bedikian-2021-339-p-764x1024.jpg\" alt=\"\" class=\"wp-image-2599\" srcset=\"https:\/\/guitares-et-luthiers.fr\/wp-content\/uploads\/2026\/01\/Bedikian-2021-339-p-764x1024.jpg 764w, https:\/\/guitares-et-luthiers.fr\/wp-content\/uploads\/2026\/01\/Bedikian-2021-339-p-224x300.jpg 224w, https:\/\/guitares-et-luthiers.fr\/wp-content\/uploads\/2026\/01\/Bedikian-2021-339-p-768x1030.jpg 768w, https:\/\/guitares-et-luthiers.fr\/wp-content\/uploads\/2026\/01\/Bedikian-2021-339-p-1146x1536.jpg 1146w, https:\/\/guitares-et-luthiers.fr\/wp-content\/uploads\/2026\/01\/Bedikian-2021-339-p-1528x2048.jpg 1528w, https:\/\/guitares-et-luthiers.fr\/wp-content\/uploads\/2026\/01\/Bedikian-2021-339-p-scaled.jpg 1909w\" sizes=\"auto, (max-width: 706px) 89vw, (max-width: 767px) 82vw, 740px\" \/><\/figure>\n<\/figure>\n","protected":false},"excerpt":{"rendered":"<p>Guitare Victor Bedikian de 2021 , neuve , \u00e9picea \/ palissandre \/ \u00e9b\u00e8ne Avec \u00e9tui.<\/p>\n","protected":false},"author":2,"featured_media":0,"parent":0,"menu_order":0,"comment_status":"closed","ping_status":"closed","template":"","meta":{"footnotes":""},"class_list":["post-2615","page","type-page","status-publish","hentry"],"_links":{"self":[{"href":"https:\/\/guitares-et-luthiers.fr\/index.php?rest_route=\/wp\/v2\/pages\/2615","targetHints":{"allow":["GET"]}}],"collection":[{"href":"https:\/\/guitares-et-luthiers.fr\/index.php?rest_route=\/wp\/v2\/pages"}],"about":[{"href":"https:\/\/guitares-et-luthiers.fr\/index.php?rest_route=\/wp\/v2\/types\/page"}],"author":[{"embeddable":true,"href":"https:\/\/guitares-et-luthiers.fr\/index.php?rest_route=\/wp\/v2\/users\/2"}],"replies":[{"embeddable":true,"href":"https:\/\/guitares-et-luthiers.fr\/index.php?rest_route=%2Fwp%2Fv2%2Fcomments&post=2615"}],"version-history":[{"count":1,"href":"https:\/\/guitares-et-luthiers.fr\/index.php?rest_route=\/wp\/v2\/pages\/2615\/revisions"}],"predecessor-version":[{"id":2616,"href":"https:\/\/guitares-et-luthiers.fr\/index.php?rest_route=\/wp\/v2\/pages\/2615\/revisions\/2616"}],"wp:attachment":[{"href":"https:\/\/guitares-et-luthiers.fr\/index.php?rest_route=%2Fwp%2Fv2%2Fmedia&parent=2615"}],"curies":[{"name":"wp","href":"https:\/\/api.w.org\/{rel}","templated":true}]}}