{"id":616,"date":"2014-05-08T13:40:33","date_gmt":"2014-05-08T12:40:33","guid":{"rendered":"http:\/\/guitares-et-luthiers.fr\/?page_id=616"},"modified":"2022-10-02T16:59:11","modified_gmt":"2022-10-02T15:59:11","slug":"baarslag-1982","status":"publish","type":"page","link":"https:\/\/guitares-et-luthiers.fr\/?page_id=616","title":{"rendered":"Baarslag 1982"},"content":{"rendered":"<p>Guitare classique de Ren\u00e9 Baarslag 1982 , diapason 650, table en \u00e9pic\u00e9a, fond et \u00e9clisses en palissandre, touche en \u00e9b\u00e8ne, \u00e9tat correct avec quelques rayures mais aucun d\u00e9faut structurel. Guitare assez l\u00e9g\u00e8re, tr\u00e8s facile \u00e0 jouer.<\/p>\n<p>Ren\u00e9 Baarslag est un luthier install\u00e9 en Espagne qui a travaill\u00e9 avec Antonio Marin Montero \u00a0et travaille actuellement avec Anna Espinosa.<\/p>\n<p>http:\/\/www.guitar-renebaarslag-anaespinosa.com\/index_eng.html<\/p>\n<p><a href=\"https:\/\/guitares-et-luthiers.fr\/wp-content\/uploads\/2014\/05\/P1090022.jpg\" rel=\"lightbox[616]\"><img loading=\"lazy\" decoding=\"async\" class=\"alignnone size-medium wp-image-606\" src=\"https:\/\/guitares-et-luthiers.fr\/wp-content\/uploads\/2014\/05\/P1090022-300x225.jpg\" alt=\"Baarslag\" width=\"300\" height=\"225\" srcset=\"https:\/\/guitares-et-luthiers.fr\/wp-content\/uploads\/2014\/05\/P1090022-300x225.jpg 300w, https:\/\/guitares-et-luthiers.fr\/wp-content\/uploads\/2014\/05\/P1090022-1024x768.jpg 1024w, https:\/\/guitares-et-luthiers.fr\/wp-content\/uploads\/2014\/05\/P1090022.jpg 1600w\" sizes=\"auto, (max-width: 300px) 100vw, 300px\" \/><\/a> <a href=\"https:\/\/guitares-et-luthiers.fr\/wp-content\/uploads\/2014\/05\/P1090021.jpg\" rel=\"lightbox[616]\"><img loading=\"lazy\" decoding=\"async\" class=\"alignnone size-medium wp-image-605\" src=\"https:\/\/guitares-et-luthiers.fr\/wp-content\/uploads\/2014\/05\/P1090021-300x225.jpg\" alt=\"Baarslag\" width=\"300\" height=\"225\" srcset=\"https:\/\/guitares-et-luthiers.fr\/wp-content\/uploads\/2014\/05\/P1090021-300x225.jpg 300w, https:\/\/guitares-et-luthiers.fr\/wp-content\/uploads\/2014\/05\/P1090021-1024x768.jpg 1024w, https:\/\/guitares-et-luthiers.fr\/wp-content\/uploads\/2014\/05\/P1090021.jpg 1600w\" sizes=\"auto, (max-width: 300px) 100vw, 300px\" \/><\/a> <a href=\"https:\/\/guitares-et-luthiers.fr\/wp-content\/uploads\/2014\/05\/P1090020-e1399552078384.jpg\" rel=\"lightbox[616]\"><img loading=\"lazy\" decoding=\"async\" class=\"alignnone size-medium wp-image-604\" src=\"https:\/\/guitares-et-luthiers.fr\/wp-content\/uploads\/2014\/05\/P1090020-e1399552078384-225x300.jpg\" alt=\"Baarslag\" width=\"225\" height=\"300\" srcset=\"https:\/\/guitares-et-luthiers.fr\/wp-content\/uploads\/2014\/05\/P1090020-e1399552078384-225x300.jpg 225w, https:\/\/guitares-et-luthiers.fr\/wp-content\/uploads\/2014\/05\/P1090020-e1399552078384-768x1024.jpg 768w, https:\/\/guitares-et-luthiers.fr\/wp-content\/uploads\/2014\/05\/P1090020-e1399552078384.jpg 1200w\" sizes=\"auto, (max-width: 225px) 100vw, 225px\" \/><\/a> <a href=\"https:\/\/guitares-et-luthiers.fr\/wp-content\/uploads\/2014\/05\/P1090019-e1399552043824.jpg\" rel=\"lightbox[616]\"><img loading=\"lazy\" decoding=\"async\" class=\"alignnone size-medium wp-image-603\" src=\"https:\/\/guitares-et-luthiers.fr\/wp-content\/uploads\/2014\/05\/P1090019-e1399552043824-225x300.jpg\" alt=\"Baarslag\" width=\"225\" height=\"300\" srcset=\"https:\/\/guitares-et-luthiers.fr\/wp-content\/uploads\/2014\/05\/P1090019-e1399552043824-225x300.jpg 225w, https:\/\/guitares-et-luthiers.fr\/wp-content\/uploads\/2014\/05\/P1090019-e1399552043824-768x1024.jpg 768w, https:\/\/guitares-et-luthiers.fr\/wp-content\/uploads\/2014\/05\/P1090019-e1399552043824.jpg 1200w\" sizes=\"auto, (max-width: 225px) 100vw, 225px\" \/><\/a> <a href=\"https:\/\/guitares-et-luthiers.fr\/wp-content\/uploads\/2014\/05\/P1090018.jpg\" rel=\"lightbox[616]\"><img loading=\"lazy\" decoding=\"async\" class=\"alignnone size-medium wp-image-602\" src=\"https:\/\/guitares-et-luthiers.fr\/wp-content\/uploads\/2014\/05\/P1090018-300x225.jpg\" alt=\"Baarslag\" width=\"300\" height=\"225\" srcset=\"https:\/\/guitares-et-luthiers.fr\/wp-content\/uploads\/2014\/05\/P1090018-300x225.jpg 300w, https:\/\/guitares-et-luthiers.fr\/wp-content\/uploads\/2014\/05\/P1090018-1024x768.jpg 1024w, https:\/\/guitares-et-luthiers.fr\/wp-content\/uploads\/2014\/05\/P1090018.jpg 1600w\" sizes=\"auto, (max-width: 300px) 100vw, 300px\" \/><\/a> <a href=\"https:\/\/guitares-et-luthiers.fr\/wp-content\/uploads\/2014\/05\/P1090017.jpg\" rel=\"lightbox[616]\"><img loading=\"lazy\" decoding=\"async\" class=\"alignnone size-medium wp-image-601\" src=\"https:\/\/guitares-et-luthiers.fr\/wp-content\/uploads\/2014\/05\/P1090017-300x225.jpg\" alt=\"Baarslag\" width=\"300\" height=\"225\" srcset=\"https:\/\/guitares-et-luthiers.fr\/wp-content\/uploads\/2014\/05\/P1090017-300x225.jpg 300w, https:\/\/guitares-et-luthiers.fr\/wp-content\/uploads\/2014\/05\/P1090017-1024x768.jpg 1024w, https:\/\/guitares-et-luthiers.fr\/wp-content\/uploads\/2014\/05\/P1090017.jpg 1600w\" sizes=\"auto, (max-width: 300px) 100vw, 300px\" \/><\/a> <a href=\"https:\/\/guitares-et-luthiers.fr\/wp-content\/uploads\/2014\/05\/P1090016.jpg\" rel=\"lightbox[616]\"><img loading=\"lazy\" decoding=\"async\" class=\"alignnone size-medium wp-image-600\" src=\"https:\/\/guitares-et-luthiers.fr\/wp-content\/uploads\/2014\/05\/P1090016-300x225.jpg\" alt=\"Baarslag\" width=\"300\" height=\"225\" srcset=\"https:\/\/guitares-et-luthiers.fr\/wp-content\/uploads\/2014\/05\/P1090016-300x225.jpg 300w, https:\/\/guitares-et-luthiers.fr\/wp-content\/uploads\/2014\/05\/P1090016-1024x768.jpg 1024w, https:\/\/guitares-et-luthiers.fr\/wp-content\/uploads\/2014\/05\/P1090016.jpg 1600w\" sizes=\"auto, (max-width: 300px) 100vw, 300px\" \/><\/a> <a href=\"https:\/\/guitares-et-luthiers.fr\/wp-content\/uploads\/2014\/05\/P1090015-e1399551896630.jpg\" rel=\"lightbox[616]\"><img loading=\"lazy\" decoding=\"async\" class=\"alignnone size-medium wp-image-599\" src=\"https:\/\/guitares-et-luthiers.fr\/wp-content\/uploads\/2014\/05\/P1090015-e1399551896630-300x225.jpg\" alt=\"Baarslag\" width=\"300\" height=\"225\" srcset=\"https:\/\/guitares-et-luthiers.fr\/wp-content\/uploads\/2014\/05\/P1090015-e1399551896630-300x225.jpg 300w, https:\/\/guitares-et-luthiers.fr\/wp-content\/uploads\/2014\/05\/P1090015-e1399551896630-1024x768.jpg 1024w, https:\/\/guitares-et-luthiers.fr\/wp-content\/uploads\/2014\/05\/P1090015-e1399551896630.jpg 1600w\" sizes=\"auto, (max-width: 300px) 100vw, 300px\" \/><\/a> <a href=\"https:\/\/guitares-et-luthiers.fr\/wp-content\/uploads\/2014\/05\/P1090014-e1399551842283.jpg\" rel=\"lightbox[616]\"><img loading=\"lazy\" decoding=\"async\" class=\"alignnone size-medium wp-image-598\" src=\"https:\/\/guitares-et-luthiers.fr\/wp-content\/uploads\/2014\/05\/P1090014-e1399551842283-225x300.jpg\" alt=\"Baarslag\" width=\"225\" height=\"300\" srcset=\"https:\/\/guitares-et-luthiers.fr\/wp-content\/uploads\/2014\/05\/P1090014-e1399551842283-225x300.jpg 225w, https:\/\/guitares-et-luthiers.fr\/wp-content\/uploads\/2014\/05\/P1090014-e1399551842283-768x1024.jpg 768w, https:\/\/guitares-et-luthiers.fr\/wp-content\/uploads\/2014\/05\/P1090014-e1399551842283.jpg 1200w\" sizes=\"auto, (max-width: 225px) 100vw, 225px\" \/><\/a> <a href=\"https:\/\/guitares-et-luthiers.fr\/wp-content\/uploads\/2014\/05\/P1090013-e1399551759110.jpg\" rel=\"lightbox[616]\"><img loading=\"lazy\" decoding=\"async\" class=\"alignnone size-medium wp-image-597\" src=\"https:\/\/guitares-et-luthiers.fr\/wp-content\/uploads\/2014\/05\/P1090013-e1399551759110-225x300.jpg\" alt=\"Baarslag \" width=\"225\" height=\"300\" srcset=\"https:\/\/guitares-et-luthiers.fr\/wp-content\/uploads\/2014\/05\/P1090013-e1399551759110-225x300.jpg 225w, https:\/\/guitares-et-luthiers.fr\/wp-content\/uploads\/2014\/05\/P1090013-e1399551759110-768x1024.jpg 768w, https:\/\/guitares-et-luthiers.fr\/wp-content\/uploads\/2014\/05\/P1090013-e1399551759110.jpg 1200w\" sizes=\"auto, (max-width: 225px) 100vw, 225px\" \/><\/a><\/p>\n","protected":false},"excerpt":{"rendered":"<p>Guitare classique de Ren\u00e9 Baarslag 1982 , diapason 650, table en \u00e9pic\u00e9a, fond et \u00e9clisses en palissandre, touche en \u00e9b\u00e8ne, \u00e9tat correct avec quelques rayures mais aucun d\u00e9faut structurel. Guitare assez l\u00e9g\u00e8re, tr\u00e8s facile \u00e0 jouer. Ren\u00e9 Baarslag est un luthier install\u00e9 en Espagne qui a travaill\u00e9 avec Antonio Marin Montero \u00a0et travaille actuellement avec &hellip; <\/p>\n<p class=\"link-more\"><a href=\"https:\/\/guitares-et-luthiers.fr\/?page_id=616\" class=\"more-link\">Continuer la lecture<span class=\"screen-reader-text\"> de &laquo;&nbsp;Baarslag 1982&nbsp;&raquo;<\/span><\/a><\/p>\n","protected":false},"author":2,"featured_media":0,"parent":0,"menu_order":0,"comment_status":"open","ping_status":"open","template":"","meta":{"footnotes":""},"class_list":["post-616","page","type-page","status-publish","hentry"],"_links":{"self":[{"href":"https:\/\/guitares-et-luthiers.fr\/index.php?rest_route=\/wp\/v2\/pages\/616","targetHints":{"allow":["GET"]}}],"collection":[{"href":"https:\/\/guitares-et-luthiers.fr\/index.php?rest_route=\/wp\/v2\/pages"}],"about":[{"href":"https:\/\/guitares-et-luthiers.fr\/index.php?rest_route=\/wp\/v2\/types\/page"}],"author":[{"embeddable":true,"href":"https:\/\/guitares-et-luthiers.fr\/index.php?rest_route=\/wp\/v2\/users\/2"}],"replies":[{"embeddable":true,"href":"https:\/\/guitares-et-luthiers.fr\/index.php?rest_route=%2Fwp%2Fv2%2Fcomments&post=616"}],"version-history":[{"count":7,"href":"https:\/\/guitares-et-luthiers.fr\/index.php?rest_route=\/wp\/v2\/pages\/616\/revisions"}],"predecessor-version":[{"id":1477,"href":"https:\/\/guitares-et-luthiers.fr\/index.php?rest_route=\/wp\/v2\/pages\/616\/revisions\/1477"}],"wp:attachment":[{"href":"https:\/\/guitares-et-luthiers.fr\/index.php?rest_route=%2Fwp%2Fv2%2Fmedia&parent=616"}],"curies":[{"name":"wp","href":"https:\/\/api.w.org\/{rel}","templated":true}]}}