{"id":853,"date":"2017-03-18T18:58:09","date_gmt":"2017-03-18T17:58:09","guid":{"rendered":"http:\/\/guitares-et-luthiers.fr\/?page_id=853"},"modified":"2022-10-02T18:40:53","modified_gmt":"2022-10-02T17:40:53","slug":"sanzano","status":"publish","type":"page","link":"https:\/\/guitares-et-luthiers.fr\/?page_id=853","title":{"rendered":"Sanzano"},"content":{"rendered":"<p>Arturo Sanzano : ann\u00e9e 2006, mod\u00e8le concert, barrage \u00ab\u00a0Menduina\u00a0\u00bb table \u00e9pic\u00e9a, dos et \u00e9clisses en palissandre des Indes, touche en \u00e9b\u00e8ne, avec \u00e9tui.<br \/>\nArturo Sanzano est un luthier madril\u00e8ne ayant travaill\u00e9 de longues ann\u00e9es avec Ramirez.<\/p>\n<figure id=\"attachment_852\" aria-describedby=\"caption-attachment-852\" style=\"width: 165px\" class=\"wp-caption alignleft\"><a href=\"https:\/\/guitares-et-luthiers.fr\/wp-content\/uploads\/2017\/03\/Sanzano-4.jpg\" rel=\"lightbox[853]\"><img loading=\"lazy\" decoding=\"async\" class=\"size-medium wp-image-852\" src=\"https:\/\/guitares-et-luthiers.fr\/wp-content\/uploads\/2017\/03\/Sanzano-4-165x300.jpg\" alt=\"\" width=\"165\" height=\"300\" srcset=\"https:\/\/guitares-et-luthiers.fr\/wp-content\/uploads\/2017\/03\/Sanzano-4-165x300.jpg 165w, https:\/\/guitares-et-luthiers.fr\/wp-content\/uploads\/2017\/03\/Sanzano-4-768x1394.jpg 768w, https:\/\/guitares-et-luthiers.fr\/wp-content\/uploads\/2017\/03\/Sanzano-4-564x1024.jpg 564w\" sizes=\"auto, (max-width: 165px) 100vw, 165px\" \/><\/a><figcaption id=\"caption-attachment-852\" class=\"wp-caption-text\">Sanzano<\/figcaption><\/figure>\n<figure id=\"attachment_851\" aria-describedby=\"caption-attachment-851\" style=\"width: 132px\" class=\"wp-caption alignright\"><a href=\"https:\/\/guitares-et-luthiers.fr\/wp-content\/uploads\/2017\/03\/Sanzano.jpg\" rel=\"lightbox[853]\"><img loading=\"lazy\" decoding=\"async\" class=\"size-medium wp-image-851\" src=\"https:\/\/guitares-et-luthiers.fr\/wp-content\/uploads\/2017\/03\/Sanzano-132x300.jpg\" alt=\"\" width=\"132\" height=\"300\" srcset=\"https:\/\/guitares-et-luthiers.fr\/wp-content\/uploads\/2017\/03\/Sanzano-132x300.jpg 132w, https:\/\/guitares-et-luthiers.fr\/wp-content\/uploads\/2017\/03\/Sanzano-768x1744.jpg 768w, https:\/\/guitares-et-luthiers.fr\/wp-content\/uploads\/2017\/03\/Sanzano-451x1024.jpg 451w, https:\/\/guitares-et-luthiers.fr\/wp-content\/uploads\/2017\/03\/Sanzano.jpg 1507w\" sizes=\"auto, (max-width: 132px) 100vw, 132px\" \/><\/a><figcaption id=\"caption-attachment-851\" class=\"wp-caption-text\">Sanzano<\/figcaption><\/figure>\n<figure id=\"attachment_850\" aria-describedby=\"caption-attachment-850\" style=\"width: 133px\" class=\"wp-caption alignleft\"><a href=\"https:\/\/guitares-et-luthiers.fr\/wp-content\/uploads\/2017\/03\/Sanzano-8.jpg\" rel=\"lightbox[853]\"><img loading=\"lazy\" decoding=\"async\" class=\"size-medium wp-image-850\" src=\"https:\/\/guitares-et-luthiers.fr\/wp-content\/uploads\/2017\/03\/Sanzano-8-133x300.jpg\" alt=\"\" width=\"133\" height=\"300\" srcset=\"https:\/\/guitares-et-luthiers.fr\/wp-content\/uploads\/2017\/03\/Sanzano-8-133x300.jpg 133w, https:\/\/guitares-et-luthiers.fr\/wp-content\/uploads\/2017\/03\/Sanzano-8-768x1738.jpg 768w, https:\/\/guitares-et-luthiers.fr\/wp-content\/uploads\/2017\/03\/Sanzano-8-453x1024.jpg 453w, https:\/\/guitares-et-luthiers.fr\/wp-content\/uploads\/2017\/03\/Sanzano-8.jpg 1620w\" sizes=\"auto, (max-width: 133px) 100vw, 133px\" \/><\/a><figcaption id=\"caption-attachment-850\" class=\"wp-caption-text\">Sanzano<\/figcaption><\/figure>\n<figure id=\"attachment_849\" aria-describedby=\"caption-attachment-849\" style=\"width: 300px\" class=\"wp-caption alignleft\"><a href=\"https:\/\/guitares-et-luthiers.fr\/wp-content\/uploads\/2017\/03\/Sanzano-7.jpg\" rel=\"lightbox[853]\"><img loading=\"lazy\" decoding=\"async\" class=\"size-medium wp-image-849\" src=\"https:\/\/guitares-et-luthiers.fr\/wp-content\/uploads\/2017\/03\/Sanzano-7-300x278.jpg\" alt=\"\" width=\"300\" height=\"278\" srcset=\"https:\/\/guitares-et-luthiers.fr\/wp-content\/uploads\/2017\/03\/Sanzano-7-300x278.jpg 300w, https:\/\/guitares-et-luthiers.fr\/wp-content\/uploads\/2017\/03\/Sanzano-7-768x713.jpg 768w, https:\/\/guitares-et-luthiers.fr\/wp-content\/uploads\/2017\/03\/Sanzano-7-1024x951.jpg 1024w\" sizes=\"auto, (max-width: 300px) 100vw, 300px\" \/><\/a><figcaption id=\"caption-attachment-849\" class=\"wp-caption-text\">Sanzano<\/figcaption><\/figure>\n<figure id=\"attachment_848\" aria-describedby=\"caption-attachment-848\" style=\"width: 259px\" class=\"wp-caption alignright\"><a href=\"https:\/\/guitares-et-luthiers.fr\/wp-content\/uploads\/2017\/03\/Sanzano-6.jpg\" rel=\"lightbox[853]\"><img loading=\"lazy\" decoding=\"async\" class=\"size-medium wp-image-848\" src=\"https:\/\/guitares-et-luthiers.fr\/wp-content\/uploads\/2017\/03\/Sanzano-6-259x300.jpg\" alt=\"\" width=\"259\" height=\"300\" srcset=\"https:\/\/guitares-et-luthiers.fr\/wp-content\/uploads\/2017\/03\/Sanzano-6-259x300.jpg 259w, https:\/\/guitares-et-luthiers.fr\/wp-content\/uploads\/2017\/03\/Sanzano-6-768x891.jpg 768w, https:\/\/guitares-et-luthiers.fr\/wp-content\/uploads\/2017\/03\/Sanzano-6-882x1024.jpg 882w, https:\/\/guitares-et-luthiers.fr\/wp-content\/uploads\/2017\/03\/Sanzano-6.jpg 1977w\" sizes=\"auto, (max-width: 259px) 100vw, 259px\" \/><\/a><figcaption id=\"caption-attachment-848\" class=\"wp-caption-text\">Sanzano<\/figcaption><\/figure>\n<figure id=\"attachment_847\" aria-describedby=\"caption-attachment-847\" style=\"width: 300px\" class=\"wp-caption alignnone\"><a href=\"https:\/\/guitares-et-luthiers.fr\/wp-content\/uploads\/2017\/03\/Sanzano-5.jpg\" rel=\"lightbox[853]\"><img loading=\"lazy\" decoding=\"async\" class=\"size-medium wp-image-847\" src=\"https:\/\/guitares-et-luthiers.fr\/wp-content\/uploads\/2017\/03\/Sanzano-5-300x217.jpg\" alt=\"\" width=\"300\" height=\"217\" srcset=\"https:\/\/guitares-et-luthiers.fr\/wp-content\/uploads\/2017\/03\/Sanzano-5-300x217.jpg 300w, https:\/\/guitares-et-luthiers.fr\/wp-content\/uploads\/2017\/03\/Sanzano-5-768x555.jpg 768w, https:\/\/guitares-et-luthiers.fr\/wp-content\/uploads\/2017\/03\/Sanzano-5-1024x740.jpg 1024w\" sizes=\"auto, (max-width: 300px) 100vw, 300px\" \/><\/a><figcaption id=\"caption-attachment-847\" class=\"wp-caption-text\">Sanzano<\/figcaption><\/figure>\n<figure id=\"attachment_846\" aria-describedby=\"caption-attachment-846\" style=\"width: 225px\" class=\"wp-caption alignleft\"><a href=\"https:\/\/guitares-et-luthiers.fr\/wp-content\/uploads\/2017\/03\/Sanzano-3.jpg\" rel=\"lightbox[853]\"><img loading=\"lazy\" decoding=\"async\" class=\"size-medium wp-image-846\" src=\"https:\/\/guitares-et-luthiers.fr\/wp-content\/uploads\/2017\/03\/Sanzano-3-225x300.jpg\" alt=\"\" width=\"225\" height=\"300\" srcset=\"https:\/\/guitares-et-luthiers.fr\/wp-content\/uploads\/2017\/03\/Sanzano-3-225x300.jpg 225w, https:\/\/guitares-et-luthiers.fr\/wp-content\/uploads\/2017\/03\/Sanzano-3-768x1024.jpg 768w\" sizes=\"auto, (max-width: 225px) 100vw, 225px\" \/><\/a><figcaption id=\"caption-attachment-846\" class=\"wp-caption-text\">Sanzano<\/figcaption><\/figure>\n<figure id=\"attachment_845\" aria-describedby=\"caption-attachment-845\" style=\"width: 181px\" class=\"wp-caption alignleft\"><a href=\"https:\/\/guitares-et-luthiers.fr\/wp-content\/uploads\/2017\/03\/Sanzano-2.jpg\" rel=\"lightbox[853]\"><img loading=\"lazy\" decoding=\"async\" class=\"size-medium wp-image-845\" src=\"https:\/\/guitares-et-luthiers.fr\/wp-content\/uploads\/2017\/03\/Sanzano-2-181x300.jpg\" alt=\"\" width=\"181\" height=\"300\" srcset=\"https:\/\/guitares-et-luthiers.fr\/wp-content\/uploads\/2017\/03\/Sanzano-2-181x300.jpg 181w, https:\/\/guitares-et-luthiers.fr\/wp-content\/uploads\/2017\/03\/Sanzano-2-768x1270.jpg 768w, https:\/\/guitares-et-luthiers.fr\/wp-content\/uploads\/2017\/03\/Sanzano-2-619x1024.jpg 619w\" sizes=\"auto, (max-width: 181px) 100vw, 181px\" \/><\/a><figcaption id=\"caption-attachment-845\" class=\"wp-caption-text\">Sanzano<\/figcaption><\/figure>\n<figure id=\"attachment_844\" aria-describedby=\"caption-attachment-844\" style=\"width: 300px\" class=\"wp-caption alignleft\"><a href=\"https:\/\/guitares-et-luthiers.fr\/wp-content\/uploads\/2017\/03\/Sanzano-1.jpg\" rel=\"lightbox[853]\"><img loading=\"lazy\" decoding=\"async\" class=\"size-medium wp-image-844\" src=\"https:\/\/guitares-et-luthiers.fr\/wp-content\/uploads\/2017\/03\/Sanzano-1-300x285.jpg\" alt=\"\" width=\"300\" height=\"285\" srcset=\"https:\/\/guitares-et-luthiers.fr\/wp-content\/uploads\/2017\/03\/Sanzano-1-300x285.jpg 300w, https:\/\/guitares-et-luthiers.fr\/wp-content\/uploads\/2017\/03\/Sanzano-1-768x730.jpg 768w, https:\/\/guitares-et-luthiers.fr\/wp-content\/uploads\/2017\/03\/Sanzano-1-1024x974.jpg 1024w\" sizes=\"auto, (max-width: 300px) 100vw, 300px\" \/><\/a><figcaption id=\"caption-attachment-844\" class=\"wp-caption-text\">Sanzano<\/figcaption><\/figure>\n","protected":false},"excerpt":{"rendered":"<p>Arturo Sanzano : ann\u00e9e 2006, mod\u00e8le concert, barrage \u00ab\u00a0Menduina\u00a0\u00bb table \u00e9pic\u00e9a, dos et \u00e9clisses en palissandre des Indes, touche en \u00e9b\u00e8ne, avec \u00e9tui. Arturo Sanzano est un luthier madril\u00e8ne ayant travaill\u00e9 de longues ann\u00e9es avec Ramirez.<\/p>\n","protected":false},"author":2,"featured_media":0,"parent":0,"menu_order":0,"comment_status":"closed","ping_status":"closed","template":"","meta":{"footnotes":""},"class_list":["post-853","page","type-page","status-publish","hentry"],"_links":{"self":[{"href":"https:\/\/guitares-et-luthiers.fr\/index.php?rest_route=\/wp\/v2\/pages\/853","targetHints":{"allow":["GET"]}}],"collection":[{"href":"https:\/\/guitares-et-luthiers.fr\/index.php?rest_route=\/wp\/v2\/pages"}],"about":[{"href":"https:\/\/guitares-et-luthiers.fr\/index.php?rest_route=\/wp\/v2\/types\/page"}],"author":[{"embeddable":true,"href":"https:\/\/guitares-et-luthiers.fr\/index.php?rest_route=\/wp\/v2\/users\/2"}],"replies":[{"embeddable":true,"href":"https:\/\/guitares-et-luthiers.fr\/index.php?rest_route=%2Fwp%2Fv2%2Fcomments&post=853"}],"version-history":[{"count":7,"href":"https:\/\/guitares-et-luthiers.fr\/index.php?rest_route=\/wp\/v2\/pages\/853\/revisions"}],"predecessor-version":[{"id":1497,"href":"https:\/\/guitares-et-luthiers.fr\/index.php?rest_route=\/wp\/v2\/pages\/853\/revisions\/1497"}],"wp:attachment":[{"href":"https:\/\/guitares-et-luthiers.fr\/index.php?rest_route=%2Fwp%2Fv2%2Fmedia&parent=853"}],"curies":[{"name":"wp","href":"https:\/\/api.w.org\/{rel}","templated":true}]}}