{"id":975,"date":"2017-05-30T12:11:11","date_gmt":"2017-05-30T11:11:11","guid":{"rendered":"http:\/\/guitares-et-luthiers.fr\/?page_id=975"},"modified":"2022-10-02T18:00:15","modified_gmt":"2022-10-02T17:00:15","slug":"fouilleul-gw-1997-n-270","status":"publish","type":"page","link":"https:\/\/guitares-et-luthiers.fr\/?page_id=975","title":{"rendered":"Fouilleul GW 1997 n\u00b0 270"},"content":{"rendered":"<p>Luthier :\u00a0Fouilleul<\/p>\n<p>Mod\u00e8le : GW<\/p>\n<p>Ann\u00e9e :\u00a01997 \u00a0n\u00b0 270<\/p>\n<p>Bois :\u00a0\u00a0Table epicea. Fond\/eclisses palissandre des Indes. Rosace et tete incrustation de loupe et etain.<\/p>\n<p>M\u00e9caniques Sloane. Avec \u00e9tui.<\/p>\n<p>Une facilit\u00e9 de jeu impressionnante.Une marqueterie originale et tr\u00e8s belle sur la rosace, une d\u00e9coupe de t\u00eate elle aussi originale, une d\u00e9coration de tr\u00e8s bon go\u00fbt.<\/p>\n<p>Le micro de la guitare est un GHS. C&rsquo;est un v\u00e9ritable microphone install\u00e9 sur un col de cygne directement dans la caisse de l&rsquo;instrument afin de restituer le plus pr\u00e9cis\u00e9ment la moindre subtilit\u00e9 naturelle de l&rsquo;instrument. Tr\u00e8s bon rendu. Sup\u00e9rieur \u00e0 un piezo classique, car aucun contact avec le corps de la guitare. Il prend vraiment le timbre de la guitare, dans la caisse. ( photos et renseignements sur demande).<\/p>\n<address>Une finition sans d\u00e9faut, de beaux bois. Des t\u00eates originales avec de belles marqueteries. Chevalet caract\u00e9ristique des guitares Fouilleul avec doubles trous pour le passage des cordes.\u00a0\u00a0\u00a0Liens\u00a0<a title=\"http:\/\/www.guitar-fouilleul.com\" href=\"http:\/\/www.guitar-fouilleul.com\/\">www.guitar-fouilleul.com<\/a>\u00a0 ref:\u201cguitares et luthiers d\u2019en France\u201dEd Chandelle<\/address>\n<address>Vid\u00e9os de Pascal Rault sur cette guitare \u00a0 \u00a0<\/address>\n<address>https:\/\/www.youtube.com\/watch?v=f9AnoYQ_-Os<\/address>\n<address>https:\/\/www.youtube.com\/watch?v=AZwKl40boYk<\/address>\n<address><a href=\"https:\/\/guitares-et-luthiers.fr\/wp-content\/uploads\/2017\/05\/P1070523.jpg\" rel=\"lightbox[975]\"><img loading=\"lazy\" decoding=\"async\" class=\"alignnone size-medium wp-image-955\" src=\"https:\/\/guitares-et-luthiers.fr\/wp-content\/uploads\/2017\/05\/P1070523-121x300.jpg\" alt=\"\" width=\"121\" height=\"300\" srcset=\"https:\/\/guitares-et-luthiers.fr\/wp-content\/uploads\/2017\/05\/P1070523-121x300.jpg 121w, https:\/\/guitares-et-luthiers.fr\/wp-content\/uploads\/2017\/05\/P1070523-768x1910.jpg 768w, https:\/\/guitares-et-luthiers.fr\/wp-content\/uploads\/2017\/05\/P1070523-412x1024.jpg 412w, https:\/\/guitares-et-luthiers.fr\/wp-content\/uploads\/2017\/05\/P1070523.jpg 1258w\" sizes=\"auto, (max-width: 121px) 100vw, 121px\" \/><\/a><a href=\"https:\/\/guitares-et-luthiers.fr\/wp-content\/uploads\/2017\/05\/P1070526.jpg\" rel=\"lightbox[975]\"><img loading=\"lazy\" decoding=\"async\" class=\"alignnone size-medium wp-image-957\" src=\"https:\/\/guitares-et-luthiers.fr\/wp-content\/uploads\/2017\/05\/P1070526-150x300.jpg\" alt=\"\" width=\"150\" height=\"300\" srcset=\"https:\/\/guitares-et-luthiers.fr\/wp-content\/uploads\/2017\/05\/P1070526-150x300.jpg 150w, https:\/\/guitares-et-luthiers.fr\/wp-content\/uploads\/2017\/05\/P1070526-768x1537.jpg 768w, https:\/\/guitares-et-luthiers.fr\/wp-content\/uploads\/2017\/05\/P1070526-512x1024.jpg 512w, https:\/\/guitares-et-luthiers.fr\/wp-content\/uploads\/2017\/05\/P1070526.jpg 1615w\" sizes=\"auto, (max-width: 150px) 100vw, 150px\" \/><\/a><a href=\"https:\/\/guitares-et-luthiers.fr\/wp-content\/uploads\/2017\/05\/P1070527.jpg\" rel=\"lightbox[975]\"><img loading=\"lazy\" decoding=\"async\" class=\"alignnone size-medium wp-image-958\" src=\"https:\/\/guitares-et-luthiers.fr\/wp-content\/uploads\/2017\/05\/P1070527-163x300.jpg\" alt=\"\" width=\"163\" height=\"300\" srcset=\"https:\/\/guitares-et-luthiers.fr\/wp-content\/uploads\/2017\/05\/P1070527-163x300.jpg 163w, https:\/\/guitares-et-luthiers.fr\/wp-content\/uploads\/2017\/05\/P1070527-768x1415.jpg 768w, https:\/\/guitares-et-luthiers.fr\/wp-content\/uploads\/2017\/05\/P1070527-556x1024.jpg 556w, https:\/\/guitares-et-luthiers.fr\/wp-content\/uploads\/2017\/05\/P1070527.jpg 1752w\" sizes=\"auto, (max-width: 163px) 100vw, 163px\" \/><\/a><a href=\"https:\/\/guitares-et-luthiers.fr\/wp-content\/uploads\/2017\/05\/P1070528.jpg\" rel=\"lightbox[975]\"><img loading=\"lazy\" decoding=\"async\" class=\"size-medium wp-image-959 alignleft\" src=\"https:\/\/guitares-et-luthiers.fr\/wp-content\/uploads\/2017\/05\/P1070528-300x251.jpg\" alt=\"\" width=\"300\" height=\"251\" srcset=\"https:\/\/guitares-et-luthiers.fr\/wp-content\/uploads\/2017\/05\/P1070528-300x251.jpg 300w, https:\/\/guitares-et-luthiers.fr\/wp-content\/uploads\/2017\/05\/P1070528-768x643.jpg 768w, https:\/\/guitares-et-luthiers.fr\/wp-content\/uploads\/2017\/05\/P1070528-1024x858.jpg 1024w\" sizes=\"auto, (max-width: 300px) 100vw, 300px\" \/><\/a><a href=\"https:\/\/guitares-et-luthiers.fr\/wp-content\/uploads\/2017\/05\/P1070529.jpg\" rel=\"lightbox[975]\"><img loading=\"lazy\" decoding=\"async\" class=\"alignnone size-medium wp-image-960\" src=\"https:\/\/guitares-et-luthiers.fr\/wp-content\/uploads\/2017\/05\/P1070529-300x274.jpg\" alt=\"\" width=\"300\" height=\"274\" srcset=\"https:\/\/guitares-et-luthiers.fr\/wp-content\/uploads\/2017\/05\/P1070529-300x274.jpg 300w, https:\/\/guitares-et-luthiers.fr\/wp-content\/uploads\/2017\/05\/P1070529-768x702.jpg 768w, https:\/\/guitares-et-luthiers.fr\/wp-content\/uploads\/2017\/05\/P1070529-1024x936.jpg 1024w\" sizes=\"auto, (max-width: 300px) 100vw, 300px\" \/><\/a><a href=\"https:\/\/guitares-et-luthiers.fr\/wp-content\/uploads\/2017\/05\/P1070535.jpg\" rel=\"lightbox[975]\"><img loading=\"lazy\" decoding=\"async\" class=\"alignnone size-medium wp-image-962\" src=\"https:\/\/guitares-et-luthiers.fr\/wp-content\/uploads\/2017\/05\/P1070535-300x241.jpg\" alt=\"\" width=\"300\" height=\"241\" srcset=\"https:\/\/guitares-et-luthiers.fr\/wp-content\/uploads\/2017\/05\/P1070535-300x241.jpg 300w, https:\/\/guitares-et-luthiers.fr\/wp-content\/uploads\/2017\/05\/P1070535-768x617.jpg 768w, https:\/\/guitares-et-luthiers.fr\/wp-content\/uploads\/2017\/05\/P1070535-1024x822.jpg 1024w\" sizes=\"auto, (max-width: 300px) 100vw, 300px\" \/><\/a><a href=\"https:\/\/guitares-et-luthiers.fr\/wp-content\/uploads\/2017\/05\/P1070537.jpg\" rel=\"lightbox[975]\"><img loading=\"lazy\" decoding=\"async\" class=\"alignnone size-medium wp-image-963\" src=\"https:\/\/guitares-et-luthiers.fr\/wp-content\/uploads\/2017\/05\/P1070537-300x111.jpg\" alt=\"\" width=\"300\" height=\"111\" srcset=\"https:\/\/guitares-et-luthiers.fr\/wp-content\/uploads\/2017\/05\/P1070537-300x111.jpg 300w, https:\/\/guitares-et-luthiers.fr\/wp-content\/uploads\/2017\/05\/P1070537-768x285.jpg 768w, https:\/\/guitares-et-luthiers.fr\/wp-content\/uploads\/2017\/05\/P1070537-1024x381.jpg 1024w\" sizes=\"auto, (max-width: 300px) 100vw, 300px\" \/><\/a><a href=\"https:\/\/guitares-et-luthiers.fr\/wp-content\/uploads\/2017\/05\/P1070540.jpg\" rel=\"lightbox[975]\"><img loading=\"lazy\" decoding=\"async\" class=\"alignnone size-medium wp-image-965\" src=\"https:\/\/guitares-et-luthiers.fr\/wp-content\/uploads\/2017\/05\/P1070540-175x300.jpg\" alt=\"\" width=\"175\" height=\"300\" srcset=\"https:\/\/guitares-et-luthiers.fr\/wp-content\/uploads\/2017\/05\/P1070540-175x300.jpg 175w, https:\/\/guitares-et-luthiers.fr\/wp-content\/uploads\/2017\/05\/P1070540-768x1318.jpg 768w, https:\/\/guitares-et-luthiers.fr\/wp-content\/uploads\/2017\/05\/P1070540-597x1024.jpg 597w, https:\/\/guitares-et-luthiers.fr\/wp-content\/uploads\/2017\/05\/P1070540.jpg 1627w\" sizes=\"auto, (max-width: 175px) 100vw, 175px\" \/><\/a><a href=\"https:\/\/guitares-et-luthiers.fr\/wp-content\/uploads\/2017\/05\/P1070541.jpg\" rel=\"lightbox[975]\"><img loading=\"lazy\" decoding=\"async\" class=\"alignnone size-medium wp-image-966\" src=\"https:\/\/guitares-et-luthiers.fr\/wp-content\/uploads\/2017\/05\/P1070541-300x265.jpg\" alt=\"\" width=\"300\" height=\"265\" srcset=\"https:\/\/guitares-et-luthiers.fr\/wp-content\/uploads\/2017\/05\/P1070541-300x265.jpg 300w, https:\/\/guitares-et-luthiers.fr\/wp-content\/uploads\/2017\/05\/P1070541-768x678.jpg 768w, https:\/\/guitares-et-luthiers.fr\/wp-content\/uploads\/2017\/05\/P1070541-1024x904.jpg 1024w, https:\/\/guitares-et-luthiers.fr\/wp-content\/uploads\/2017\/05\/P1070541.jpg 1416w\" sizes=\"auto, (max-width: 300px) 100vw, 300px\" \/><\/a><a href=\"https:\/\/guitares-et-luthiers.fr\/wp-content\/uploads\/2017\/05\/P1070542.jpg\" rel=\"lightbox[975]\"><img loading=\"lazy\" decoding=\"async\" class=\"alignnone size-medium wp-image-967\" src=\"https:\/\/guitares-et-luthiers.fr\/wp-content\/uploads\/2017\/05\/P1070542-300x257.jpg\" alt=\"\" width=\"300\" height=\"257\" srcset=\"https:\/\/guitares-et-luthiers.fr\/wp-content\/uploads\/2017\/05\/P1070542-300x257.jpg 300w, https:\/\/guitares-et-luthiers.fr\/wp-content\/uploads\/2017\/05\/P1070542-768x659.jpg 768w, https:\/\/guitares-et-luthiers.fr\/wp-content\/uploads\/2017\/05\/P1070542-1024x879.jpg 1024w, https:\/\/guitares-et-luthiers.fr\/wp-content\/uploads\/2017\/05\/P1070542.jpg 1874w\" sizes=\"auto, (max-width: 300px) 100vw, 300px\" \/><\/a><a href=\"https:\/\/guitares-et-luthiers.fr\/wp-content\/uploads\/2017\/05\/P1070545.jpg\" rel=\"lightbox[975]\"><img loading=\"lazy\" decoding=\"async\" class=\"alignnone size-medium wp-image-970\" src=\"https:\/\/guitares-et-luthiers.fr\/wp-content\/uploads\/2017\/05\/P1070545-300x180.jpg\" alt=\"\" width=\"300\" height=\"180\" srcset=\"https:\/\/guitares-et-luthiers.fr\/wp-content\/uploads\/2017\/05\/P1070545-300x180.jpg 300w, https:\/\/guitares-et-luthiers.fr\/wp-content\/uploads\/2017\/05\/P1070545-768x461.jpg 768w, https:\/\/guitares-et-luthiers.fr\/wp-content\/uploads\/2017\/05\/P1070545-1024x615.jpg 1024w, https:\/\/guitares-et-luthiers.fr\/wp-content\/uploads\/2017\/05\/P1070545-2000x1200.jpg 2000w\" sizes=\"auto, (max-width: 300px) 100vw, 300px\" \/><\/a><a href=\"https:\/\/guitares-et-luthiers.fr\/wp-content\/uploads\/2017\/05\/P1070550.jpg\" rel=\"lightbox[975]\"><img loading=\"lazy\" decoding=\"async\" class=\"alignnone size-medium wp-image-974\" src=\"https:\/\/guitares-et-luthiers.fr\/wp-content\/uploads\/2017\/05\/P1070550-300x277.jpg\" alt=\"\" width=\"300\" height=\"277\" srcset=\"https:\/\/guitares-et-luthiers.fr\/wp-content\/uploads\/2017\/05\/P1070550-300x277.jpg 300w, https:\/\/guitares-et-luthiers.fr\/wp-content\/uploads\/2017\/05\/P1070550-768x710.jpg 768w, https:\/\/guitares-et-luthiers.fr\/wp-content\/uploads\/2017\/05\/P1070550-1024x946.jpg 1024w\" sizes=\"auto, (max-width: 300px) 100vw, 300px\" \/><\/a><\/address>\n","protected":false},"excerpt":{"rendered":"<p>Luthier :\u00a0Fouilleul Mod\u00e8le : GW Ann\u00e9e :\u00a01997 \u00a0n\u00b0 270 Bois :\u00a0\u00a0Table epicea. Fond\/eclisses palissandre des Indes. Rosace et tete incrustation de loupe et etain. M\u00e9caniques Sloane. Avec \u00e9tui. Une facilit\u00e9 de jeu impressionnante.Une marqueterie originale et tr\u00e8s belle sur la rosace, une d\u00e9coupe de t\u00eate elle aussi originale, une d\u00e9coration de tr\u00e8s bon go\u00fbt. Le &hellip; <\/p>\n<p class=\"link-more\"><a href=\"https:\/\/guitares-et-luthiers.fr\/?page_id=975\" class=\"more-link\">Continuer la lecture<span class=\"screen-reader-text\"> de &laquo;&nbsp;Fouilleul GW 1997 n\u00b0 270&nbsp;&raquo;<\/span><\/a><\/p>\n","protected":false},"author":2,"featured_media":0,"parent":0,"menu_order":0,"comment_status":"closed","ping_status":"closed","template":"","meta":{"footnotes":""},"class_list":["post-975","page","type-page","status-publish","hentry"],"_links":{"self":[{"href":"https:\/\/guitares-et-luthiers.fr\/index.php?rest_route=\/wp\/v2\/pages\/975","targetHints":{"allow":["GET"]}}],"collection":[{"href":"https:\/\/guitares-et-luthiers.fr\/index.php?rest_route=\/wp\/v2\/pages"}],"about":[{"href":"https:\/\/guitares-et-luthiers.fr\/index.php?rest_route=\/wp\/v2\/types\/page"}],"author":[{"embeddable":true,"href":"https:\/\/guitares-et-luthiers.fr\/index.php?rest_route=\/wp\/v2\/users\/2"}],"replies":[{"embeddable":true,"href":"https:\/\/guitares-et-luthiers.fr\/index.php?rest_route=%2Fwp%2Fv2%2Fcomments&post=975"}],"version-history":[{"count":7,"href":"https:\/\/guitares-et-luthiers.fr\/index.php?rest_route=\/wp\/v2\/pages\/975\/revisions"}],"predecessor-version":[{"id":1487,"href":"https:\/\/guitares-et-luthiers.fr\/index.php?rest_route=\/wp\/v2\/pages\/975\/revisions\/1487"}],"wp:attachment":[{"href":"https:\/\/guitares-et-luthiers.fr\/index.php?rest_route=%2Fwp%2Fv2%2Fmedia&parent=975"}],"curies":[{"name":"wp","href":"https:\/\/api.w.org\/{rel}","templated":true}]}}